{"id":1780,"date":"2015-04-04T12:32:21","date_gmt":"2015-04-04T11:32:21","guid":{"rendered":"http:\/\/dharmasangh.fr\/?page_id=1780"},"modified":"2017-10-05T00:57:40","modified_gmt":"2017-10-04T23:57:40","slug":"hanuman-jayanti","status":"publish","type":"page","link":"https:\/\/dharmasangh.fr\/?page_id=1780","title":{"rendered":"Hanum\u0101n Jayant\u012b"},"content":{"rendered":"<h3 style=\"text-align: center;\">\u00a0<span style=\"color: #993300;\"><strong>Hanum\u0101n Jayant\u012b<\/strong><\/span><\/h3>\n<p style=\"text-align: center;\"><strong><em><a href=\"http:\/\/dharmasangh.fr\/wp-content\/uploads\/2015\/04\/hanuman.gif\"><img loading=\"lazy\" decoding=\"async\" class=\"aligncenter  wp-image-3720\" src=\"http:\/\/dharmasangh.fr\/wp-content\/uploads\/2015\/04\/hanuman.gif\" alt=\"hanuman\" width=\"145\" height=\"201\" \/><\/a><\/em><\/strong><\/p>\n<p style=\"text-align: center;\"><span style=\"color: #ff6600;\"><strong><em>\u00a0<\/em><\/strong><strong><em>Mercredi 18 octobre 2017<\/em><\/strong><\/span><\/p>\n<p><em>Hanum\u0101n<\/em> est un dieu pas tout \u00e0 fait comme les autres. Son visage et sa tr\u00e8s longue queue sont ceux d\u2019un singe tandis que son corps, couleur vermillon, recouvert de poils, robuste et athl\u00e9tique, est celui d\u2019un humain.<\/p>\n<p><em>Hanum\u0101n<\/em> est un \u00eatre pur, modeste et doux, dont la force et la port\u00e9e de ses actes, toujours empreints d\u2019humilit\u00e9, touchent subtilement la conscience humaine. <em>Hanum\u0101n<\/em> est le Dieu qui inspire courage \u00e0 ses adorateurs ainsi que les moyens d\u2019aller au-del\u00e0 de leurs propres limites en vue de la victoire qu\u2019ils recherchent. <em>Hanum\u0101n<\/em> tient pour cela la massue, une arme puissante dont le maniement demande une prodigieuse \u00e9nergie, celle qui ne lui fait jamais d\u00e9faut, qu\u2019il peut d\u00e9ployer instantan\u00e9ment et en toutes circonstances.<\/p>\n<p>Le jour de sa naissance, appel\u00e9 <em>Hanum\u0101n Jayant\u012b<\/em>, eut lieu quelques jours apr\u00e8s celle du Dieu <em>R\u0101ma<\/em>, \u00e0 l\u2019occasion de<em> Caitr\u012b Purnim\u0101<\/em>, la pleine Lune du mois indien <em>Caitra<\/em>. Plusieurs r\u00e9cits \u00e9voquent les conditions de sa naissance d\u2019<em>Hanum\u0101n<\/em>. En voici deux pour mieux comprendre les qualit\u00e9s et la personnalit\u00e9 de ce dieu \u00e9tonnant.Les circonstances de la naissance des dieux sont toujours une source intarissable de m\u00e9ditation\u00a0car elles nous r\u00e9v\u00e8lent l\u2019origine de leurs divins pouvoirs.<\/p>\n<p><strong>Naissance de Hanum\u0101n<\/strong><\/p>\n<p style=\"text-align: justify;\"><strong><em>\u00ab\u00a0<\/em><\/strong><em>Dans le Brahm\u0101 Loka vivait une jeune et tr\u00e8s belle apsara, Anja\u00f1\u0101, au service du dieu Brahm\u0101. Un jour, satisfait des grands services qu&rsquo;elle rendait et de la joie qu\u2019elle suscitait dans le c\u0153ur de tous, Brahm\u0101 souhaita lui accorder une gr\u00e2ce et lui en fit part. Le visage de la jeune apsara s\u2019assombrit \u00e0 cette id\u00e9e et, dans un sanglot, elle lui avoua qu\u2019elle \u00e9tait frapp\u00e9e d\u2019une mal\u00e9diction re\u00e7ue jadis du sage Brihaspati \u00e0 son plus jeune \u00e2ge. Elle conta \u00e0 Brahm\u0101 les circonstances de son infortune :<br \/>\n<\/em><\/p>\n<p style=\"text-align: justify;\"><em>&#8211; Un jour, alors que je me promenais dans la for\u00eat, je vis \u00e0 la lisi\u00e8re d\u2019un \u00e9tang un singe peu ordinaire. Il m\u00e9ditait en position de lotus comme le faisait habituellement les humains. Toute jeune et inconsciente que j\u2019\u00e9tais, et au demeurant tr\u00e8s surprise par cette vision qui s\u2019offrait devant moi, je ris de bon c\u0153ur et me mis \u00e0 lui jeter quelques fruits, comme il est de coutume de le faire aux signes. Or ce singe n\u2019\u00e9tait pas un singe ordinaire, mais un sage qui, sous cette apparente forme animale, pratiquait ses tapasya aust\u00e9rit\u00e9s rituelles.<br \/>\nFurieux et vex\u00e9, le sage me maudit\u00a0:<br \/>\n&#8211; Tu es venue d\u00e9ranger mon asc\u00e8se. Ton attitude est aussi l\u00e9g\u00e8re que celle d\u2019une guenon sautant de branche en branche. Puisque tu t\u2019es comport\u00e9e de la sorte \u00e0 mon \u00e9gard, tu t\u2019incarneras en la forme d\u2019une guenon condamn\u00e9e \u00e0 l\u2019asc\u00e8se pour assurer sa descendance. Je l\u2019implorais de me pardonner mais rien n\u2019y fit. <\/em><\/p>\n<p style=\"text-align: justify;\"><em>\u00a0<\/em>Mais la col\u00e8re d\u2019un sage\u00a0n\u2019est qu\u2019un instrument dont il fait usage afin de donner aux \u00eatres humains les enseignements n\u00e9cessaires pour leur lib\u00e9ration. Il fit donc preuve de compassion \u00e0 mon \u00e9gard et me dit\u00a0:<br \/>\n\u00ab\u00a0&#8211; Tu ne peux te soustraire \u00e0 ce qui vient d\u2019\u00eatre dit mais lorsque tu t\u2019incarneras sous la forme d\u2019une guenon, tu pourras, quand tu le souhaiteras, changer cette forme et devenir humaine, mais seulement apr\u00e8s avoir \u00a0donn\u00e9 naissance \u00e0 une incarnation du Dieu <em>\u015aiva<\/em>.\u00a0\u00bb<br \/>\nInstantan\u00e9ment l\u2019apsara prit donc naissance sur la terre dans une grande famille (colonie) de singes. Son p\u00e8re s\u2019appelait <em>Kunjara<\/em>; elle re\u00e7ut le nom d\u2019<em>Anja\u00f1\u0101<\/em>. Elle \u00e9pousa un puissant roi-singe appel\u00e9 <em>Kesari<\/em> Pendant de tr\u00e8s nombreuses ann\u00e9es, ils v\u00e9curent heureux mais n\u2019avaient pas d\u2019enfants. <em>Anja\u00f1\u0101<\/em>, qui souhaitait ardemment donner un fils \u00e0 son mari, pratiqua une asc\u00e8se d\u00e9di\u00e9e au Dieu <em>\u00f8<\/em><em>iva<\/em> qui exigeait chaque jour beaucoup de courage et d\u2019abn\u00e9gation. Elle dura sept cents ans\u00a0; un jour, le sage <em>\u1e5ai\u1e63i Matanga<\/em> passa devant sa maison l\u2019interpella de la sorte :<br \/>\n\u00ab\u00a0&#8211;\u00a0 Je viens d\u2019un village o\u00f9 l\u2019on m\u2019a dit que depuis longtemps tu te consacres \u00e0 la v\u00e9n\u00e9ration de <em>\u015a<\/em><em>iva<\/em>\u00a0\u2026 Acquies\u00e7ant de la t\u00eate, elle s\u2019inclina humblement et toucha respectueusement ses pieds et dit\u00a0:<br \/>\n&#8211; Sans enfants depuis mon mariage avec <em>Kesari<\/em>, j\u2019implore par cette asc\u00e8se le Grand <em>Mah\u0101deva<\/em> de m\u2019accorder un fils \u2026.\u00d4 Grand Sage, que puis-je faire d\u2019autre\u00a0?<br \/>\nLe <em>\u1e5ai\u1e63i Matanga<\/em> lui indiqua qu\u2019elle devait se rendre sur la montagne de <em>\u015aiva<\/em> pour accomplir le p\u00e8lerinage de <em>l\u2019Aka\u015ba Gang\u0101<\/em>\u00a0: se prosterner aux pieds du Seigneur <em>Venkate\u015bvara<\/em>, se baigner dans ses eaux sacr\u00e9es, boire l\u2019eau sacr\u00e9e puis prier l\u2019indomptable <em>V\u0101yu<\/em>, le Dieu du Vent. <em>Anja\u00f1\u0101<\/em> partit donc en p\u00e8lerinage et fit exactement ce qui lui avait \u00e9t\u00e9 recommand\u00e9 par le sage. Quand le Soleil entra dans le signe du B\u00e9lier, le jour de la Pleine Lune du \u00a0mois de <em>Caitra, \u015aiva<\/em>, satisfait de son asc\u00e8se, lui apparut et lui dit que tout ce qu\u2019elle d\u00e9sirait le plus au monde lui serait accord\u00e9. La r\u00e9compense de cette longue et fastidieuse asc\u00e8se d\u2019<em>Anja\u00f1\u0101<\/em> prit la forme d\u2019un tr\u00e8s bel enfant auquel elle donna le nom de <em>Hanum\u0101n<\/em>, le fils invincible, qui demeurera immortel et contre lequel aucune arme n\u2019aura de prise.\u00bb<\/p>\n<p>\u00a0<em>Hanum\u0101n<\/em> est appel\u00e9 <em>Pavansuta<\/em>, le Fils du Vent et cette seconde version\u00a0 pr\u00e9cise son lien de filiation avec <em>V\u0101yu<\/em>, le Dieu de Vent.<\/p>\n<p><strong><em>\u00ab<\/em><\/strong> Un jour, par\u00e9e d\u2019un beau <em>s\u0101r\u012b<\/em> de couleur jaune et de ses plus riches parures faites d\u2019\u00e9tincelants bijoux, <em>Anja\u00f1\u0101<\/em> regardait la montagne <em>Meru<\/em>. A l\u2019instant m\u00eame o\u00f9 son regard se posa sur le sommet, elle con\u00e7ut l\u2019id\u00e9e d\u2019avoir un enfant d\u2019une tr\u00e8s grande bont\u00e9. D\u2019un coup, le vent se leva et souleva son <em>s\u0101r\u012b<\/em>. Elle se sentit \u00e9trangement caress\u00e9e et se demanda qui venait de la toucher si intimement. Alors qu\u2019elle allait se mettre en col\u00e8re contre celui qui avait impun\u00e9ment os\u00e9 l\u2019approcher, <em>V\u0101yu<\/em>, le Dieu du Vent, lui apparut et lui r\u00e9v\u00e9la qu\u2019avec la force de la pens\u00e9e, il allait lui donner un enfant, compassionnel pour les prisonniers, \u00e9clatant, \u00e0 l\u2019agilit\u00e9 surprenante et d\u2019une vaillance sans pareille. Plus tard, \u00e0 l\u2019\u00e2ge adulte, <em>Hanum\u0101n<\/em> devint le <em>Chef de l\u2019Arm\u00e9e des Singes<\/em>, dont la force et l\u2019intelligence in\u00e9galables firent de lui un immense protecteur. Grace \u00e0 ce statut, il se met au service du dieu <em>R\u0101ma<\/em> dans la grande \u00e9pop\u00e9e du <em>R\u0101m\u0101ya\u1e47a<\/em>. Il retrouve <em>S\u012bt\u0101<\/em>, l\u2019\u00e9pouse de <em>R\u0101ma, <\/em>enlev\u00e9e par le terrible le d\u00e9mon \u00e0 dix t\u00eates <em>R\u0101va\u1e47a<\/em>. Gr\u00e2ce \u00e0 la perspicacit\u00e9 d\u2019<em> Hanum\u0101n<\/em> et \u00e0 son extr\u00eame d\u00e9vouement pour son guru <em>R\u0101ma, S\u012bt\u0101<\/em> sera d\u00e9livr\u00e9e. Une fois cette mission accomplie, <em>Hanum\u0101n<\/em> choisit de servir fid\u00e8lement <em>R\u0101ma<\/em> jusqu\u2019\u00e0 sa mort. Ce qui caract\u00e9rise <em>Hanum\u0101n<\/em>, c\u2019est aussi sa force, sa bravoure ainsi que ses huit grands pouvoirs magiques illimit\u00e9s. Enfin <em>Hanum\u0101n<\/em> a une parfaite connaissance des textes sacr\u00e9s et en ma\u00eetrise toute la port\u00e9e intellectuelle et spirituelle, connaissance qu\u2019il re\u00e7ut directement du Soleil.<\/p>\n<p style=\"text-align: justify;\">\u00a0Tr\u00e8s populaire en Inde, <em>Hanum\u0101n<\/em> compte d\u2019innombrables d\u00e9vots et parmi eux, bon nombre de villageois. Ses temples, r\u00e9partis dans tous le pays, sont aussi le lieu de r\u00e9sidence privil\u00e9gi\u00e9 des singes. En effet, ceux-ci sont respect\u00e9s comme les parents d\u2019<em>Hanum\u0101n<\/em> et vivent aussi en libert\u00e9 dans les villes et dans les maisons\u00a0; \u00e0 ce titre ils ont droit chaque jour \u00e0 des offrandes de nourritures donn\u00e9es avec amour par les passants et les visiteurs des temples.<\/p>\n<p>\u00a0<em>Hanum\u0101n<\/em> a de nombreux noms qui \u00e9voquent ses plus belles qualit\u00e9s\u00a0: <em>Mah\u0101vira<\/em> le <em>Grand H\u00e9ros<\/em>, <em>Bajra\u00f1gbali<\/em> <em>Celui qui a la force de la foudre<\/em>, <em>Kape\u015bvara<\/em>\u00a0le <em>Roi des singe<\/em>s, <em>R\u0101md\u016bta <\/em>le <em>Messager de R\u0101m<\/em>.<\/p>\n<p><strong>V\u00e9n\u00e9ration de <\/strong><strong>Hanum\u0101n<\/strong><\/p>\n<p><em>Hanum\u0101n<\/em> est pri\u00e9 par ses d\u00e9vots le mardi et le samedi pour sa grande sagesse, sa force, ses pouvoirs de gu\u00e9rison, son esprit de d\u00e9votion et sa grande puret\u00e9 d\u2019\u00e2me. N\u2019ayant pas fond\u00e9 une famille, il a sa place dans toutes les maisons en Inde aux c\u00f4t\u00e9s de <em>R\u0101m-S\u012bt\u0101-Lak\u1e63man<\/em><em>.<\/em> Quand il est seul, il est plac\u00e9 \u00e0 l\u2019entr\u00e9e ext\u00e9rieure de la maison pour la prot\u00e9ger et donner a\u00e0 ses habitants la force n\u00e9cessaire pour affronter le monde ext\u00e9rieur quand ils sortent.<\/p>\n<p>Le jour de <em>Hanum\u0101n Jayant\u012b<\/em> est particuli\u00e8rement b\u00e9n\u00e9fique pour lui d\u00e9dier une <em>s\u0101dhana, <\/em>pratique spirituelle. Les principaux actes de d\u00e9votion pour <em>Hanum\u0101n<\/em> ce jour-l\u00e0 sont le je\u00fbne, la r\u00e9citation de ses mantras, du <em>Hanum\u0101n C\u0101lis\u0101<\/em> et la lecture du <em>R\u0101m\u0101yana<\/em>.<\/p>\n<p><strong>Les Principales <\/strong><strong>offrandes pour<em> Hanum\u0101n<\/em> <\/strong><\/p>\n<p>Offrez dans un temple des offrandes \u00e0 <em>Hanum\u0101n<\/em> le mardi, jour de sa v\u00e9n\u00e9ration et le samedi pour neutraliser et transformer favorablement les effets mal\u00e9fiques des transits et difficiles p\u00e9riodes de la plan\u00e8te <em>\u015a<\/em><em>ani<\/em>-Saturne.<\/p>\n<p><strong>Riz \u2013 huile de moutarde &#8211; fruits et fleurs de couleur rouge dont les bananes et les oranges qu\u2019il appr\u00e9cie particuli\u00e8rement \/ v\u00eatements ou un tissu de couleur rouge \/ nourriture comme du bl\u00e9, du sucre de canne non raffin\u00e9, des lentilles corail, du safran \/ du santal rouge \/ du musc.<\/strong><\/p>\n<p>Voir aussi :<\/p>\n<p><a href=\"http:\/\/dharmasangh.fr\/?page_id=3759\">108 noms Hanum\u00e2n<\/a><br \/>\n<a href=\"http:\/\/dharmasangh.fr\/?page_id=3763\">Hanum\u00e2n mantras<\/a><br \/>\n<a href=\"http:\/\/dharmasangh.fr\/?page_id=3761\">Hanum\u00e2n \u00e2rat\u00ee<\/a><\/p>\n","protected":false},"excerpt":{"rendered":"<p>\u00a0Hanum\u0101n Jayant\u012b \u00a0Mercredi 18 octobre 2017 Hanum\u0101n est un dieu pas tout \u00e0 fait comme les autres. Son visage et sa tr\u00e8s longue queue sont ceux d\u2019un singe tandis que son corps, couleur vermillon, recouvert de poils, robuste et athl\u00e9tique, est celui d\u2019un humain. Hanum\u0101n est un \u00eatre pur, modeste et doux, dont la force <a href=\"https:\/\/dharmasangh.fr\/?page_id=1780\">Continue reading &#8594;<\/a><\/p>\n","protected":false},"author":3,"featured_media":0,"parent":1601,"menu_order":0,"comment_status":"closed","ping_status":"open","template":"","meta":{"footnotes":""},"class_list":["post-1780","page","type-page","status-publish","hentry"],"_links":{"self":[{"href":"https:\/\/dharmasangh.fr\/index.php?rest_route=\/wp\/v2\/pages\/1780","targetHints":{"allow":["GET"]}}],"collection":[{"href":"https:\/\/dharmasangh.fr\/index.php?rest_route=\/wp\/v2\/pages"}],"about":[{"href":"https:\/\/dharmasangh.fr\/index.php?rest_route=\/wp\/v2\/types\/page"}],"author":[{"embeddable":true,"href":"https:\/\/dharmasangh.fr\/index.php?rest_route=\/wp\/v2\/users\/3"}],"replies":[{"embeddable":true,"href":"https:\/\/dharmasangh.fr\/index.php?rest_route=%2Fwp%2Fv2%2Fcomments&post=1780"}],"version-history":[{"count":18,"href":"https:\/\/dharmasangh.fr\/index.php?rest_route=\/wp\/v2\/pages\/1780\/revisions"}],"predecessor-version":[{"id":5137,"href":"https:\/\/dharmasangh.fr\/index.php?rest_route=\/wp\/v2\/pages\/1780\/revisions\/5137"}],"up":[{"embeddable":true,"href":"https:\/\/dharmasangh.fr\/index.php?rest_route=\/wp\/v2\/pages\/1601"}],"wp:attachment":[{"href":"https:\/\/dharmasangh.fr\/index.php?rest_route=%2Fwp%2Fv2%2Fmedia&parent=1780"}],"curies":[{"name":"wp","href":"https:\/\/api.w.org\/{rel}","templated":true}]}}