{"id":2510,"date":"2014-04-03T09:51:39","date_gmt":"2014-04-03T08:51:39","guid":{"rendered":"http:\/\/dharmasangh.fr\/?page_id=2510"},"modified":"2024-10-09T15:09:36","modified_gmt":"2024-10-09T14:09:36","slug":"skanda-mata","status":"publish","type":"page","link":"https:\/\/dharmasangh.fr\/?page_id=2510","title":{"rendered":"Skandam\u0101t\u0101"},"content":{"rendered":"<div class=\"wp-block-image\">\n<figure class=\"alignleft is-resized\"><a href=\"http:\/\/dharmasangh.fr\/wp-content\/uploads\/2014\/04\/Skanda-mata-site.jpg\"><img loading=\"lazy\" decoding=\"async\" width=\"342\" height=\"400\" src=\"http:\/\/dharmasangh.fr\/wp-content\/uploads\/2014\/04\/Skanda-mata-site.jpg\" alt=\"Skanda mata site\" class=\"wp-image-2515\" style=\"width:364px;height:auto\" srcset=\"https:\/\/dharmasangh.fr\/wp-content\/uploads\/2014\/04\/Skanda-mata-site.jpg 342w, https:\/\/dharmasangh.fr\/wp-content\/uploads\/2014\/04\/Skanda-mata-site-256x300.jpg 256w\" sizes=\"auto, (max-width: 342px) 100vw, 342px\" \/><\/a><\/figure><\/div>\n\n\n<p>Son nom&nbsp;<strong>Skandam\u0101t\u0101<\/strong><em><strong><br><\/strong><\/em>signifie&nbsp;<strong>\u00ab&nbsp;Ma M\u00e8re de Skanda \u00bb.<\/strong><\/p>\n\n\n\n<p><em>Description&nbsp;:&nbsp;<\/em>&nbsp;Skandam\u0101t\u0101 a le teint clair et quatre bras. Ses deux mains sup\u00e9rieures arborent un lotus rose. Sa main inf\u00e9rieure droite tient son fils <em>Skanda<\/em> tandis que sa main inf\u00e9rieure gauche ex\u00e9cute l&rsquo;<em>abhaya mudr\u0101<\/em>, le geste qui apaise toute peur.<\/p>\n\n\n\n<p>Skandam\u0101t\u0101 est la cinqui\u00e8me forme de la D\u00e9esse Durg\u0101, v\u00e9n\u00e9r\u00e9e le cinqui\u00e8me jour des Navar\u0101tr\u012b. Elle appara\u00eet sous les traits d\u2019une m\u00e8re protectrice, portant dans ses bras un enfant nomm\u00e9 Skanda. Il est le deuxi\u00e8me fils de \u015aiva, \u00e9galement connu sous les noms de K\u0101rtikeya et Murugan. Cet enfant divin, dot\u00e9 de six t\u00eates, est le chef de l&rsquo;arm\u00e9e des dieux et poss\u00e8de la capacit\u00e9 de regarder dans toutes les directions pour nous prot\u00e9ger de nos ennemis. Ses six t\u00eates symbolisent les ennemis ou d\u00e9fauts int\u00e9rieurs : k\u0101ma (le d\u00e9sir), krodha (la col\u00e8re), lobha (la convoitise), moha (l&rsquo;illusion), mada (l&rsquo;orgueil), et m\u0101tsarya (la jalousie). Lorsqu&rsquo;il s&rsquo;\u00e9veille en nous, cet enfant divin nous aider \u00e0 les surmonter. <em>Skandam\u0101t\u0101<\/em>&nbsp;annonce une prochaine lib\u00e9ration en montrant ce tout jeune enfant qui d\u00e9tient d\u00e9j\u00e0 l&rsquo;arc et la fl\u00e8che et nous invite \u00e0 faire grandir en nous cet enfant guerrier, pr\u00eat \u00e0 combattre nos \u00e9nergies n\u00e9gatives et \u00e0 les neutraliser. Elle incarne \u00e9galement l&rsquo;\u00e9nergie maternelle et protectrice. Qu&rsquo;elle soit terrestre ou divine, la m\u00e8re joue un r\u00f4le d\u00e9terminant dans la croissance d&rsquo;un enfant, car tout ce qui \u00e9mane d\u2019elle est absorb\u00e9 par celui-ci au plus profond de son \u00eatre. Ce lien influence directement les \u00e9nergies que l\u2019enfant d\u00e9veloppera dans sa vie future. Skandam\u0101t\u0101 nous rappelle que toute cr\u00e9ation, mat\u00e9rielle ou immat\u00e9rielle, n\u00e9cessite protection et amour. Elle annonce une prochaine lib\u00e9ration en montrant son tout jeune fils.<\/p>\n\n\n\n<p>En ce cinqui\u00e8me jour, la s\u0101dhan\u0101 des Navar\u0101tr\u012b (la pratique spirituelle observ\u00e9e pendant les neuf jours d\u00e9di\u00e9s \u00e0 Durg\u0101) consiste \u00e0 se connecter \u00e0 l&rsquo;\u00e9nergie de l&rsquo;amour dans sa forme protectrice et \u00e0 celle de la vigilance et du combat. Leur juste \u00e9quilibre nous aide \u00e0 poursuivre le but fix\u00e9 au premier jour.<\/p>\n\n\n\n<p>Pour qu\u2019\u00e0 la fin de cette p\u00e9riode de neuf jours nous puissions ressentir une harmonie int\u00e9rieure, propice au changement que nous esp\u00e9rons, il est essentiel :<br>. d&rsquo;encourager dans le domaine personnel ou professionnel et autant que nous le pouvons, la croissance des autres tout en leur assurant plus de bien-\u00eatre et de respect,<br>. de veiller \u00e0 la protection de ceux qui en ont besoin,<br>. de combattre les six d\u00e9fauts qui se manifestent en nous quand il nous font perdre de vue l&rsquo;\u00e9quilibre int\u00e9rieur, la confiance, la compassion et l&rsquo;amour, <br>. de prot\u00e9ger les enfants des dangers de ce monde, de leur accorder plus d&rsquo;attention et de les guider. <br>. de pers\u00e9verer afin que les projets puissent se d\u00e9velopper et \u00eatre conduits jusqu&rsquo;\u00e0 leur terme.<\/p>\n\n\n\n<p class=\"has-text-align-center has-luminous-vivid-amber-background-color has-background\"><strong>MANTRA DU 5e JOUR<\/strong><br>\u0950 \u0926\u0947\u0935\u0940 \u0938\u094d\u0915\u0928\u094d\u0926\u092e\u093e\u0924\u093e\u092f\u0948 \u0928\u092e\u0903 <strong>||<\/strong><br><strong>om dev<a>\u012b<\/a>\u00a0skandam<strong>\u0101<\/strong>t\u0101yai<\/strong>\u00a0<strong>nama\u1e25 ||<\/strong><br>r\u00e9citation 108 fois minimum (ou 2 x 108\u2026 ou 3 x 108\u2026.)<\/p>\n","protected":false},"excerpt":{"rendered":"<p>Son nom&nbsp;Skandam\u0101t\u0101signifie&nbsp;\u00ab&nbsp;Ma M\u00e8re de Skanda \u00bb. Description&nbsp;:&nbsp;&nbsp;Skandam\u0101t\u0101 a le teint clair et quatre bras. Ses deux mains sup\u00e9rieures arborent un lotus rose. Sa main inf\u00e9rieure droite tient son fils Skanda tandis que sa main inf\u00e9rieure gauche ex\u00e9cute l&rsquo;abhaya mudr\u0101, le geste qui apaise toute peur. Skandam\u0101t\u0101 est la cinqui\u00e8me forme de la D\u00e9esse Durg\u0101, v\u00e9n\u00e9r\u00e9e <a href=\"https:\/\/dharmasangh.fr\/?page_id=2510\">Continue reading &#8594;<\/a><\/p>\n","protected":false},"author":3,"featured_media":0,"parent":131,"menu_order":9,"comment_status":"closed","ping_status":"closed","template":"","meta":{"footnotes":""},"class_list":["post-2510","page","type-page","status-publish","hentry"],"_links":{"self":[{"href":"https:\/\/dharmasangh.fr\/index.php?rest_route=\/wp\/v2\/pages\/2510","targetHints":{"allow":["GET"]}}],"collection":[{"href":"https:\/\/dharmasangh.fr\/index.php?rest_route=\/wp\/v2\/pages"}],"about":[{"href":"https:\/\/dharmasangh.fr\/index.php?rest_route=\/wp\/v2\/types\/page"}],"author":[{"embeddable":true,"href":"https:\/\/dharmasangh.fr\/index.php?rest_route=\/wp\/v2\/users\/3"}],"replies":[{"embeddable":true,"href":"https:\/\/dharmasangh.fr\/index.php?rest_route=%2Fwp%2Fv2%2Fcomments&post=2510"}],"version-history":[{"count":39,"href":"https:\/\/dharmasangh.fr\/index.php?rest_route=\/wp\/v2\/pages\/2510\/revisions"}],"predecessor-version":[{"id":7499,"href":"https:\/\/dharmasangh.fr\/index.php?rest_route=\/wp\/v2\/pages\/2510\/revisions\/7499"}],"up":[{"embeddable":true,"href":"https:\/\/dharmasangh.fr\/index.php?rest_route=\/wp\/v2\/pages\/131"}],"wp:attachment":[{"href":"https:\/\/dharmasangh.fr\/index.php?rest_route=%2Fwp%2Fv2%2Fmedia&parent=2510"}],"curies":[{"name":"wp","href":"https:\/\/api.w.org\/{rel}","templated":true}]}}