{"id":2707,"date":"2014-04-06T12:08:25","date_gmt":"2014-04-06T11:08:25","guid":{"rendered":"http:\/\/dharmasangh.fr\/?page_id=2707"},"modified":"2024-10-10T16:34:42","modified_gmt":"2024-10-10T15:34:42","slug":"kala-ratri","status":"publish","type":"page","link":"https:\/\/dharmasangh.fr\/?page_id=2707","title":{"rendered":"K\u0101lar\u0101tr\u012b"},"content":{"rendered":"<div class=\"wp-block-image\">\n<figure class=\"alignleft\"><a href=\"http:\/\/dharmasangh.fr\/wp-content\/uploads\/2014\/04\/Kala-ratri-site.jpg\"><img loading=\"lazy\" decoding=\"async\" width=\"301\" height=\"400\" src=\"http:\/\/dharmasangh.fr\/wp-content\/uploads\/2014\/04\/Kala-ratri-site.jpg\" alt=\"Kala ratri site\" class=\"wp-image-2709\" srcset=\"https:\/\/dharmasangh.fr\/wp-content\/uploads\/2014\/04\/Kala-ratri-site.jpg 301w, https:\/\/dharmasangh.fr\/wp-content\/uploads\/2014\/04\/Kala-ratri-site-225x300.jpg 225w\" sizes=\"auto, (max-width: 301px) 100vw, 301px\" \/><\/a><\/figure><\/div>\n\n\n<p class=\"has-medium-font-size\">Son nom<strong> K\u0101lar\u0101tr\u012b&nbsp;<br><\/strong>signifie&nbsp;<strong>\u00ab&nbsp;La nuit sombre, la nuit du temps \u00bb<\/strong><\/p>\n\n\n\n<p class=\"has-text-align-left\" style=\"font-size:15px\"><em>Description<\/em> :&nbsp;K\u0101lar\u0101tr\u012b a pour monture un \u00e2ne. Son corps est noir et sa chevelure d\u00e9faite. Elle a quatre bras. Sa main sup\u00e9rieure droite forme le geste qui apaise tandis que sa main inf\u00e9rieure droite forme le geste de b\u00e9n\u00e9diction. Sa main sup\u00e9rieure gauche est arm\u00e9e&nbsp;d\u2019une grande faucille dot\u00e9e d\u2019un \u0153il<em>, <\/em>tandis que&nbsp; sa main gauche inf\u00e9rieure tient fermement un grand clou m\u00e9talliqu<em>e<\/em>. <\/p>\n\n\n\n<p class=\"has-text-align-left\" style=\"font-size:15px\"><\/p>\n\n\n\n<p style=\"font-size:15px\">K\u0101lar\u0101tr\u012b est la septi\u00e8me forme de la d\u00e9esse Durg\u0101, v\u00e9n\u00e9r\u00e9e le septi\u00e8me jour des Navar\u0101tr\u012b. Elle appara\u00eet sous les traits d\u2019une d\u00e9esse dont l&rsquo;apparence peut surprendre. Elle est en r\u00e9alit\u00e9 la derni\u00e8re \u00e9nergie guerri\u00e8re (combative) qui intervient dans le processus de la s\u0101dhan\u0101 des Navar\u0101tr\u012b. Lorsque nous avons atteint l&rsquo;\u00e9tape de K\u0101ty\u0101yan\u012b, la veille, nous avons d\u00e9j\u00e0 ma\u00eetris\u00e9 le mental et affaibli l&rsquo;ego et la peur. Mais une derni\u00e8re \u00e9tape est encore n\u00e9cessaire pour atteindre le but fix\u00e9.<\/p>\n\n\n\n<p style=\"font-size:15px\">K\u0101lar\u0101tr\u012b appara\u00eet redoutable et effrayante pour nous montrer qu&rsquo;il nous faut \u00e0 pr\u00e9sent vaincre le temps et la mort. Tant que nous sommes soumis au temps et que nous redoutons la mort \u2014 qu&rsquo;il s&rsquo;agisse de la n\u00f4tre, de la fin d&rsquo;une chose, d&rsquo;un \u00eatre cher, ou d&rsquo;une situation&#8230; \u2014 nous restons limit\u00e9s. K\u0101lar\u0101tr\u012b nous montre nous devons nous placer hors du temps et de son influence sur le mental. En la priant, nous entrons dans l&rsquo;immortalit\u00e9, en qu\u00eate de toutes les transcendances, dans la voie de la joie \u00e9ternelle. Les sages et sadhus m\u00e9ditent et prient dans les champs de cr\u00e9mation, des lieux impressionnants et obscurs, o\u00f9 la peur et la mort se c\u00f4toient, afin ma\u00eetriser leur peur et renforcer leur lumi\u00e8re int\u00e9rieure. Ils jouent ainsi avec la mort pour mieux atteindre l\u2019immortalit\u00e9 de leur \u00e2me.<\/p>\n\n\n\n<p style=\"font-size:15px\">En ce septi\u00e8me jour, la s\u0101dhan\u0101 des Navar\u0101tr\u012b (la pratique spirituelle observ\u00e9e pendant les neuf jours d\u00e9di\u00e9s \u00e0 Durg\u0101) consiste m\u00e9diter sur ce message tr\u00e8s clair que nous livre cette d\u00e9esse, tr\u00e8s proche de l&rsquo;\u00e9nergie de la d\u00e9esse&nbsp;K\u0101l\u012b : l&rsquo;obscurit\u00e9 et la peur de la mort n&rsquo;ont plus de prise sur le chemin victorieux des&nbsp;Navar\u0101tr\u012b.<\/p>\n\n\n\n<p style=\"font-size:15px\">Pour qu\u2019\u00e0 la fin de cette p\u00e9riode de neuf jours nous puissions ressentir une harmonie int\u00e9rieure, propice au changement que nous esp\u00e9rons, il est essentiel : <br>. de m\u00e9diter sur les peurs qui nous habitent, qu\u2019elles soient li\u00e9es \u00e0 la mort, \u00e0 l\u2019inconnu ou \u00e0 toute autre forme d\u2019obscurit\u00e9 personnelle,<br>. d&rsquo;allumer une lampe en pr\u00e9sence de l&rsquo;image ou d&rsquo;une repr\u00e9sentation de K\u0101l\u0101r\u0101tr\u012b pour symboliser la lumi\u00e8re divine qui \u00e9limine l\u2019obscurit\u00e9. Regardez la flamme pour mieux int\u00e9grer que toutes les zones sombres de votre \u00eatre peuvent \u00eatre \u00e9clair\u00e9es par la gr\u00e2ce de cette d\u00e9esse,<br>. de r\u00e9citer, pendant la nuit, le mantra de K\u0101lar\u0101tr\u012b c-dessous, au minimum 1 008 fois,<br>. d&rsquo;invoquer la gr\u00e2ce et les pouvoirs de&nbsp;<em>Durg\u0101<\/em>&nbsp;au moyen de la r\u00e9citation de son mantra \u00ab\u00a0<em><strong>om aim hr<em>\u012b<\/em>m kl<em>\u012b<\/em>m C\u0101mu\u1e47\u1e0d\u0101yai vicce<\/strong><\/em>\u00ab\u00a0, au minimum 108 fois.<\/p>\n\n\n\n<h3 class=\"wp-block-heading has-text-align-center has-black-color has-luminous-vivid-amber-background-color has-text-color has-background has-link-color has-medium-font-size wp-elements-fedd1de62ccfdd753e0283b99dcccaf2\"><strong>MANTRA DU 7e JOUR<\/strong><br>\u0950 \u0926\u0947\u0935\u0940 \u0915\u093e\u0932\u0930\u093e\u0924\u094d\u0930\u094d\u092f\u0948 \u0928\u092e\u0903 ||<br>om dev<a>\u012b<\/a>\u00a0K\u0101lar\u0101tr\u012byai nama\u1e25 ||<br><strong>r\u00e9citation 108 fois minimum (ou 2 x 108\u2026 ou 3 x 108\u2026.)<\/strong><\/h3>\n\n\n\n<p><\/p>\n","protected":false},"excerpt":{"rendered":"<p>Son nom K\u0101lar\u0101tr\u012b&nbsp;signifie&nbsp;\u00ab&nbsp;La nuit sombre, la nuit du temps \u00bb Description :&nbsp;K\u0101lar\u0101tr\u012b a pour monture un \u00e2ne. Son corps est noir et sa chevelure d\u00e9faite. Elle a quatre bras. Sa main sup\u00e9rieure droite forme le geste qui apaise tandis que sa main inf\u00e9rieure droite forme le geste de b\u00e9n\u00e9diction. Sa main sup\u00e9rieure gauche est arm\u00e9e&nbsp;d\u2019une <a href=\"https:\/\/dharmasangh.fr\/?page_id=2707\">Continue reading &#8594;<\/a><\/p>\n","protected":false},"author":3,"featured_media":0,"parent":131,"menu_order":11,"comment_status":"closed","ping_status":"closed","template":"","meta":{"footnotes":""},"class_list":["post-2707","page","type-page","status-publish","hentry"],"_links":{"self":[{"href":"https:\/\/dharmasangh.fr\/index.php?rest_route=\/wp\/v2\/pages\/2707","targetHints":{"allow":["GET"]}}],"collection":[{"href":"https:\/\/dharmasangh.fr\/index.php?rest_route=\/wp\/v2\/pages"}],"about":[{"href":"https:\/\/dharmasangh.fr\/index.php?rest_route=\/wp\/v2\/types\/page"}],"author":[{"embeddable":true,"href":"https:\/\/dharmasangh.fr\/index.php?rest_route=\/wp\/v2\/users\/3"}],"replies":[{"embeddable":true,"href":"https:\/\/dharmasangh.fr\/index.php?rest_route=%2Fwp%2Fv2%2Fcomments&post=2707"}],"version-history":[{"count":47,"href":"https:\/\/dharmasangh.fr\/index.php?rest_route=\/wp\/v2\/pages\/2707\/revisions"}],"predecessor-version":[{"id":7536,"href":"https:\/\/dharmasangh.fr\/index.php?rest_route=\/wp\/v2\/pages\/2707\/revisions\/7536"}],"up":[{"embeddable":true,"href":"https:\/\/dharmasangh.fr\/index.php?rest_route=\/wp\/v2\/pages\/131"}],"wp:attachment":[{"href":"https:\/\/dharmasangh.fr\/index.php?rest_route=%2Fwp%2Fv2%2Fmedia&parent=2707"}],"curies":[{"name":"wp","href":"https:\/\/api.w.org\/{rel}","templated":true}]}}