{"id":3968,"date":"2015-10-18T13:30:37","date_gmt":"2015-10-18T12:30:37","guid":{"rendered":"http:\/\/dharmasangh.fr\/?page_id=3968"},"modified":"2016-09-29T00:19:06","modified_gmt":"2016-09-28T23:19:06","slug":"durga-puja-navaratri-visarjan","status":"publish","type":"page","link":"https:\/\/dharmasangh.fr\/?page_id=3968","title":{"rendered":"Durg\u00e2 P\u00fbj\u00e2 Navaratr\u00ee Visarjan"},"content":{"rendered":"<p><a href=\"http:\/\/dharmasangh.fr\/wp-content\/uploads\/2015\/10\/Durga-Visarjan-1.jpg\"><img loading=\"lazy\" decoding=\"async\" class=\"aligncenter  wp-image-3970\" src=\"http:\/\/dharmasangh.fr\/wp-content\/uploads\/2015\/10\/Durga-Visarjan-1.jpg\" alt=\"Durga Visarjan-1\" width=\"693\" height=\"1077\" \/><\/a><a href=\"http:\/\/dharmasangh.fr\/wp-content\/uploads\/2015\/10\/Durga-Visarjan-2.jpg\"><img loading=\"lazy\" decoding=\"async\" class=\"aligncenter  wp-image-3971\" src=\"http:\/\/dharmasangh.fr\/wp-content\/uploads\/2015\/10\/Durga-Visarjan-2.jpg\" alt=\"Durga Visarjan-2\" width=\"690\" height=\"1102\" \/><\/a><\/p>\n","protected":false},"excerpt":{"rendered":"","protected":false},"author":3,"featured_media":0,"parent":3597,"menu_order":1,"comment_status":"closed","ping_status":"closed","template":"","meta":{"footnotes":""},"class_list":["post-3968","page","type-page","status-publish","hentry"],"_links":{"self":[{"href":"https:\/\/dharmasangh.fr\/index.php?rest_route=\/wp\/v2\/pages\/3968","targetHints":{"allow":["GET"]}}],"collection":[{"href":"https:\/\/dharmasangh.fr\/index.php?rest_route=\/wp\/v2\/pages"}],"about":[{"href":"https:\/\/dharmasangh.fr\/index.php?rest_route=\/wp\/v2\/types\/page"}],"author":[{"embeddable":true,"href":"https:\/\/dharmasangh.fr\/index.php?rest_route=\/wp\/v2\/users\/3"}],"replies":[{"embeddable":true,"href":"https:\/\/dharmasangh.fr\/index.php?rest_route=%2Fwp%2Fv2%2Fcomments&post=3968"}],"version-history":[{"count":2,"href":"https:\/\/dharmasangh.fr\/index.php?rest_route=\/wp\/v2\/pages\/3968\/revisions"}],"predecessor-version":[{"id":3973,"href":"https:\/\/dharmasangh.fr\/index.php?rest_route=\/wp\/v2\/pages\/3968\/revisions\/3973"}],"up":[{"embeddable":true,"href":"https:\/\/dharmasangh.fr\/index.php?rest_route=\/wp\/v2\/pages\/3597"}],"wp:attachment":[{"href":"https:\/\/dharmasangh.fr\/index.php?rest_route=%2Fwp%2Fv2%2Fmedia&parent=3968"}],"curies":[{"name":"wp","href":"https:\/\/api.w.org\/{rel}","templated":true}]}}