{"id":3994,"date":"2015-10-19T11:35:40","date_gmt":"2015-10-19T10:35:40","guid":{"rendered":"http:\/\/dharmasangh.fr\/?page_id=3994"},"modified":"2015-10-19T11:36:29","modified_gmt":"2015-10-19T10:36:29","slug":"hanuman-calisa-devanagari","status":"publish","type":"page","link":"https:\/\/dharmasangh.fr\/?page_id=3994","title":{"rendered":"Hanuman C\u00e2lis\u00e2 (devanagar\u00ee)"},"content":{"rendered":"<p><a href=\"http:\/\/dharmasangh.fr\/wp-content\/uploads\/2015\/10\/sri-hanuman-calisa-5.jpg\"><img loading=\"lazy\" decoding=\"async\" class=\"aligncenter  wp-image-3991\" src=\"http:\/\/dharmasangh.fr\/wp-content\/uploads\/2015\/10\/sri-hanuman-calisa-5.jpg\" alt=\"sri hanuman calisa-5\" width=\"709\" height=\"1223\" \/><\/a><a href=\"http:\/\/dharmasangh.fr\/wp-content\/uploads\/2015\/10\/sri-hanuman-calisa-6.jpg\"><img loading=\"lazy\" decoding=\"async\" class=\"aligncenter  wp-image-3992\" src=\"http:\/\/dharmasangh.fr\/wp-content\/uploads\/2015\/10\/sri-hanuman-calisa-6.jpg\" alt=\"sri hanuman calisa-6\" width=\"714\" height=\"1166\" \/><\/a><\/p>\n","protected":false},"excerpt":{"rendered":"","protected":false},"author":3,"featured_media":0,"parent":1149,"menu_order":0,"comment_status":"closed","ping_status":"closed","template":"","meta":{"footnotes":""},"class_list":["post-3994","page","type-page","status-publish","hentry"],"_links":{"self":[{"href":"https:\/\/dharmasangh.fr\/index.php?rest_route=\/wp\/v2\/pages\/3994","targetHints":{"allow":["GET"]}}],"collection":[{"href":"https:\/\/dharmasangh.fr\/index.php?rest_route=\/wp\/v2\/pages"}],"about":[{"href":"https:\/\/dharmasangh.fr\/index.php?rest_route=\/wp\/v2\/types\/page"}],"author":[{"embeddable":true,"href":"https:\/\/dharmasangh.fr\/index.php?rest_route=\/wp\/v2\/users\/3"}],"replies":[{"embeddable":true,"href":"https:\/\/dharmasangh.fr\/index.php?rest_route=%2Fwp%2Fv2%2Fcomments&post=3994"}],"version-history":[{"count":1,"href":"https:\/\/dharmasangh.fr\/index.php?rest_route=\/wp\/v2\/pages\/3994\/revisions"}],"predecessor-version":[{"id":3995,"href":"https:\/\/dharmasangh.fr\/index.php?rest_route=\/wp\/v2\/pages\/3994\/revisions\/3995"}],"up":[{"embeddable":true,"href":"https:\/\/dharmasangh.fr\/index.php?rest_route=\/wp\/v2\/pages\/1149"}],"wp:attachment":[{"href":"https:\/\/dharmasangh.fr\/index.php?rest_route=%2Fwp%2Fv2%2Fmedia&parent=3994"}],"curies":[{"name":"wp","href":"https:\/\/api.w.org\/{rel}","templated":true}]}}