{"id":4264,"date":"2016-08-30T23:32:58","date_gmt":"2016-08-30T22:32:58","guid":{"rendered":"http:\/\/dharmasangh.fr\/?page_id=4264"},"modified":"2016-10-20T11:56:43","modified_gmt":"2016-10-20T10:56:43","slug":"sri-krishna-chalisa","status":"publish","type":"page","link":"https:\/\/dharmasangh.fr\/?page_id=4264","title":{"rendered":"\u015aR\u012a K\u1e5a\u1e62\u1e46A C\u1fb9L\u012aS\u1fb9 &#8211; \u015aR\u012a R\u1fb9M C\u1fb9L\u012aS\u1fb9"},"content":{"rendered":"<p><a href=\"http:\/\/dharmasangh.fr\/wp-content\/uploads\/2016\/08\/krishna-calisa-recto.jpg\"><img loading=\"lazy\" decoding=\"async\" class=\"wp-image-4265 alignleft\" src=\"http:\/\/dharmasangh.fr\/wp-content\/uploads\/2016\/08\/krishna-calisa-recto.jpg\" alt=\"krishna calisa recto\" width=\"172\" height=\"280\" srcset=\"https:\/\/dharmasangh.fr\/wp-content\/uploads\/2016\/08\/krishna-calisa-recto.jpg 1020w, https:\/\/dharmasangh.fr\/wp-content\/uploads\/2016\/08\/krishna-calisa-recto-184x300.jpg 184w, https:\/\/dharmasangh.fr\/wp-content\/uploads\/2016\/08\/krishna-calisa-recto-628x1024.jpg 628w\" sizes=\"auto, (max-width: 172px) 100vw, 172px\" \/><\/a>\u00a0\u00a0\u00a0\u00a0\u00a0\u00a0\u00a0\u00a0\u00a0\u00a0\u00a0\u00a0 VIENT DE PARA\u00ceTRE\u00a0 aux \u00e9ditions SHASTRI<\/p>\n<p>&nbsp;<\/p>\n<p>&nbsp;<\/p>\n<p>&nbsp;<\/p>\n<p><a title=\"KRISHNA CHALISA\" href=\"http:\/\/editionsshastri.com\/produit\/sri-krisna-calisa-hymnes-dedies-au-dieu-krishna\/\">\u015aR\u012a K\u1e5a\u1e62\u1e46A C\u1fb9L\u012aS\u1fb9<\/a><\/p>\n<p>&nbsp;<\/p>\n<p><em>\u00a0<\/em><\/p>\n<p>&nbsp;<br \/>\n<a href=\"http:\/\/dharmasangh.fr\/wp-content\/uploads\/2016\/08\/sri-rama-calisa-1ere-couv.jpg\">\u00a0<img loading=\"lazy\" decoding=\"async\" class=\"wp-image-4417 alignleft\" src=\"http:\/\/dharmasangh.fr\/wp-content\/uploads\/2016\/08\/sri-rama-calisa-1ere-couv.jpg\" alt=\"sri-rama-calisa-1ere-couv\" width=\"185\" height=\"263\" srcset=\"https:\/\/dharmasangh.fr\/wp-content\/uploads\/2016\/08\/sri-rama-calisa-1ere-couv.jpg 1126w, https:\/\/dharmasangh.fr\/wp-content\/uploads\/2016\/08\/sri-rama-calisa-1ere-couv-211x300.jpg 211w, https:\/\/dharmasangh.fr\/wp-content\/uploads\/2016\/08\/sri-rama-calisa-1ere-couv-721x1024.jpg 721w\" sizes=\"auto, (max-width: 185px) 100vw, 185px\" \/><\/a><\/p>\n<p>&nbsp;<\/p>\n<p><span style=\"text-decoration: underline;\"><a title=\"rama chalisa \u00e0 paraitre\" href=\"http:\/\/editionsshastri.com\/produit\/sri-ram-calisa-hymnes-dedies-au-dieu-ram\/\">\u015aR\u012a R\u1fb9M C\u1fb9L\u012aS\u1fb9<\/a><\/span><\/p>\n<p>&nbsp;<\/p>\n<p>&nbsp;<\/p>\n","protected":false},"excerpt":{"rendered":"<p>\u00a0\u00a0\u00a0\u00a0\u00a0\u00a0\u00a0\u00a0\u00a0\u00a0\u00a0\u00a0 VIENT DE PARA\u00ceTRE\u00a0 aux \u00e9ditions SHASTRI &nbsp; &nbsp; &nbsp; \u015aR\u012a K\u1e5a\u1e62\u1e46A C\u1fb9L\u012aS\u1fb9 &nbsp; \u00a0 &nbsp; \u00a0 &nbsp; \u015aR\u012a R\u1fb9M C\u1fb9L\u012aS\u1fb9 &nbsp; &nbsp;<\/p>\n","protected":false},"author":3,"featured_media":0,"parent":262,"menu_order":0,"comment_status":"closed","ping_status":"closed","template":"","meta":{"footnotes":""},"class_list":["post-4264","page","type-page","status-publish","hentry"],"_links":{"self":[{"href":"https:\/\/dharmasangh.fr\/index.php?rest_route=\/wp\/v2\/pages\/4264","targetHints":{"allow":["GET"]}}],"collection":[{"href":"https:\/\/dharmasangh.fr\/index.php?rest_route=\/wp\/v2\/pages"}],"about":[{"href":"https:\/\/dharmasangh.fr\/index.php?rest_route=\/wp\/v2\/types\/page"}],"author":[{"embeddable":true,"href":"https:\/\/dharmasangh.fr\/index.php?rest_route=\/wp\/v2\/users\/3"}],"replies":[{"embeddable":true,"href":"https:\/\/dharmasangh.fr\/index.php?rest_route=%2Fwp%2Fv2%2Fcomments&post=4264"}],"version-history":[{"count":11,"href":"https:\/\/dharmasangh.fr\/index.php?rest_route=\/wp\/v2\/pages\/4264\/revisions"}],"predecessor-version":[{"id":4464,"href":"https:\/\/dharmasangh.fr\/index.php?rest_route=\/wp\/v2\/pages\/4264\/revisions\/4464"}],"up":[{"embeddable":true,"href":"https:\/\/dharmasangh.fr\/index.php?rest_route=\/wp\/v2\/pages\/262"}],"wp:attachment":[{"href":"https:\/\/dharmasangh.fr\/index.php?rest_route=%2Fwp%2Fv2%2Fmedia&parent=4264"}],"curies":[{"name":"wp","href":"https:\/\/api.w.org\/{rel}","templated":true}]}}