{"id":4315,"date":"2016-09-05T19:39:54","date_gmt":"2016-09-05T18:39:54","guid":{"rendered":"http:\/\/dharmasangh.fr\/?page_id=4315"},"modified":"2019-08-29T14:39:00","modified_gmt":"2019-08-29T13:39:00","slug":"ganesha-jayant","status":"publish","type":"page","link":"https:\/\/dharmasangh.fr\/?page_id=4315","title":{"rendered":"Ga\u1e47e\u015ba Jayant\u012b"},"content":{"rendered":"<h4 style=\"text-align: center;\"><a href=\"http:\/\/dharmasangh.fr\/wp-content\/uploads\/2016\/09\/ganesha-clean-affiche-2016.gif\"><img loading=\"lazy\" decoding=\"async\" class=\"aligncenter  wp-image-4323\" src=\"http:\/\/dharmasangh.fr\/wp-content\/uploads\/2016\/09\/ganesha-clean-affiche-2016.gif\" alt=\"ganesha clean affiche 2016\" width=\"141\" height=\"141\" \/><\/a><\/h4>\n<h4 style=\"text-align: center;\"><span style=\"color: #ff6600;\"><strong>LUNDI 2 SEPTEMBRE 2019 (jour de <em>Ga\u1e47e\u015ba Jayant\u012b)<\/em><br \/>\n<\/strong><\/span><\/h4>\n<h4 style=\"text-align: center;\"><span style=\"color: #ff6600;\"><strong>DIMANCHE 8 SEPTEMBRE 2019 (f\u00eat\u00e9 \u00e0 Dharma Sangh<em>)<\/em><\/strong><\/span><\/h4>\n<p>&nbsp;<\/p>\n<p>&nbsp;<\/p>\n<p style=\"text-align: justify;\">Fils du dieu <em>\u015aiva<\/em> et de la d\u00e9esse <em>P\u0101rvat\u012b<\/em>, <em>Ga\u1e47e\u015ba<\/em> est le Ma\u00eetre des Obstacles, de la Connaissance et du Bonheur. Son nom est form\u00e9 de <em>ga\u1e47a <\/em>qui veut dire <em>le tout<\/em>, <em>l\u2019ensemble<\/em> et de <em>i\u015ba<\/em> qui signifie <em>le Ma\u00eetre<\/em>.<\/p>\n<p>Il est\u00a0le <em>Ma\u00eetre de Tout<\/em> &#8211; <em>de ce qui forme un Tout<\/em>\u00a0\u00bb, la totalit\u00e9 qui est Dieu. <em>Ga\u1e47e\u015ba <\/em>est le Ma\u00eetre de toutes les cat\u00e9gories d\u2019\u00eatres et de cr\u00e9atures vivant dans les trois mondes de notre tradition\u00a0: terrestre, interm\u00e9diaire et divin. Son influence s\u2019exerce sur tous les plans, du plus grossier au plus subtil. Il est appel\u00e9 pour cela <em>Ga\u1e47apati<\/em> le Ma\u00eetre des troupes.<\/p>\n<p style=\"text-align: justify;\"><em>Ga\u1e47e\u015ba<\/em> est le dieu au visage d\u2019\u00e9l\u00e9phant <em>Gaj\u0101nana<\/em> dot\u00e9 d\u2019une seule d\u00e9fense, d\u2019un corps humain au ventre pro\u00e9minent, de quatre bras tenant les armes et les attributs li\u00e9s \u00e0 ses pouvoirs et qualit\u00e9s : le lasso, la hache, le croc \u00e0 \u00e9l\u00e9phant ; il est associ\u00e9 au <em>sv\u0101stika<\/em>,\u00a0le puissant symbole de prosp\u00e9rit\u00e9 et de protection. <em>Ga\u1e47e\u015ba<\/em> adresse \u00e0 son d\u00e9vot les gestes <em>mudr\u0101<\/em> du don et celui qui \u00f4te toutes craintes. Il se d\u00e9place sur une petite souris pour rappeler que le grand et le petit, comme toutes les paires d\u2019oppos\u00e9s, sont faits pour se compl\u00e9ter et non pour se rejeter.<\/p>\n<p style=\"text-align: justify;\">Parce que <em>Ga\u1e47e\u015ba<\/em> est dou\u00e9 du pouvoir d\u2019\u00e9carter les obstacles les plus insurmontables, son image est install\u00e9e dans les maisons, pr\u00e8s du seuil, ainsi qu\u2019\u00e0 l\u2019entr\u00e9e des villages. Pour cette m\u00eame raison, il est toujours invoqu\u00e9, avant tous les autres dieux, au d\u00e9but de chaque journ\u00e9e, d\u2019un rituel, d\u2019un travail ou d\u2019un voyage. Il est \u00e9galement v\u00e9n\u00e9r\u00e9 en tant que <em>Vighne\u015bvara, l<\/em>e Ma\u00eetre des Obstacles<em>, <\/em>levant une \u00e0 une les entraves qui se dressent dans la vie quotidienne et dans la qu\u00eate spirituelle de ses d\u00e9vots. Il est en cela <em>Vin\u0101yaka<\/em> le meilleur des Guides.<\/p>\n<p style=\"text-align: justify;\">Il est aussi le Ma\u00eetre de la connaissance qui r\u00e9digea, sous la dict\u00e9e du Sage <em>\u1e5a\u1e63i Vy\u0101sa<\/em>, le grand po\u00e8me \u00e9pique du <em>Mah\u0101bh\u0101rata<\/em>. Et, si <em>Ga\u1e47e\u015ba<\/em> est un dieu v\u00e9dique, il a toute sa place dans les r\u00e9cits des <em>P\u016bra\u1e47a<\/em>, dont plusieurs rendent compte de sa naissance, expliquant ainsi l\u2019origine de sa t\u00eate d\u2019\u00e9l\u00e9phant. \u00a0Selon l\u2019un d\u2019eux, sa m\u00e8re la d\u00e9esse <em>P\u0101rvat\u012b<\/em> l\u2019a cr\u00e9\u00e9 \u00e0 partir de sa propre peau pour monter la garde devant sa porte. En effet, son \u00e9poux <em>\u015aiva<\/em>, avait l\u2019habitude de venir pendant qu\u2019elle prenait son bain. Quand <em>Ga\u1e47e\u015ba<\/em> voulut l\u2019emp\u00eacher d\u2019entrer, <em>\u015aiva<\/em> furieux, lui coupa la t\u00eate. Mais voyant la d\u00e9tresse de son \u00e9pouse,<em> \u015aiva<\/em> promit de rendre la vie \u00e0 son fils en remettant la t\u00eate de la premi\u00e8re cr\u00e9ature qu\u2019il rencontrerait. Et, ce fut un \u00e9l\u00e9phant.<\/p>\n<p style=\"text-align: justify;\">Les r\u00e9cits des <em>P\u016bra\u1e47a<\/em> parlent de sa naissance et de sa vie comme y figurent ceux de chaque dieu et d\u00e9esse. A travers eux, toutes les divinit\u00e9s <em>Ga\u1e47e\u015ba<\/em>, <em>\u015aiva<\/em>, <em>Vi\u1e63\u1e47u, Hanum\u0101n, Durg\u0101, Lak\u1e63m\u012b<\/em>\u2026 semblent si diff\u00e9rents mais en r\u00e9alit\u00e9, ils sont identiques. En Inde nous disons que\u00a0:<\/p>\n<p style=\"text-align: center;\"><em><strong>Dieu est partout comme le lait dans la vache,<\/strong><\/em><\/p>\n<p style=\"text-align: center;\"><em><strong>mais il se trouve toujours visiblement en un seul endroit.<\/strong><\/em><\/p>\n<p style=\"text-align: justify;\">Les dieux ont \u00e9t\u00e9 fa\u00e7onn\u00e9s au fil des \u00e2ges de cr\u00e9ation pour l\u2019\u00e9nergie et l\u2019id\u00e9al divin qu\u2019ils incarnent. Ils nous offrent des symboles, des armes et attributs pour inspirer l&rsquo;\u00e9nergie qui provient des sph\u00e8res divines. Depuis des mill\u00e9naires, la naissance de ces dieux est f\u00eat\u00e9e chaque ann\u00e9e pour ne pas les oublier, pour maintenir\u00a0 la foi de chacun toujours aussi vivante. Le jour o\u00f9 un\u00a0dieu \u00ab\u00a0prend\u00a0 forme\u00a0\u00bb, il devient plus puissant aux yeux de son adorateur, ext\u00e9rieurement par la v\u00e9n\u00e9ration de sa forme et int\u00e9rieurement par l\u2019amour et la foi qu\u2019il r\u00e9active dans son c\u0153ur. Les d\u00e9vots savent ainsi que les jours de <em>Jayant\u012b<\/em> (de la naissance d\u2019un dieu) sont tr\u00e8s b\u00e9n\u00e9fiques. Ils y consacrent toute leur \u00e9nergie et maintiennent leur mental fix\u00e9 paisiblement sur son image. Ils le prient, je\u00fbnent, font des offrandes et se lib\u00e8rent de l&#8217;emprise du monde quotidien et ordinaire. Ce sont autant de moyens pour cultiver l&rsquo;amour, la joie et la paix. Car c\u2019est par le chant, la pri\u00e8re, la r\u00e9citation des mantras et l\u2019amour pour les dieux que le mental peut se purifier progressivement et qu\u2019il est alors possible d\u2019acc\u00e9der \u00e0 un plan sup\u00e9rieur de conscience.<\/p>\n<p style=\"text-align: left;\"><span style=\"color: #800000;\">\u00a0<strong>Les <\/strong><em><strong>mantra<\/strong><\/em><strong> de <\/strong><em><strong>Ga\u1e47e\u015ba<\/strong><\/em><\/span><\/p>\n<p style=\"text-align: justify;\">Les mantra de <em>Ga\u1e47e\u015ba<\/em> sont r\u00e9cit\u00e9s ce jour-l\u00e0 pour la simple adoration du dieu, obtenir ses belles qualit\u00e9s, lui demander son aide ou encore pour obtenir des r\u00e9alisations concr\u00e8tes. R\u00e9citez l&rsquo;un de ces mantras, 108 fois par jour minimum, \u00e0 l&rsquo;aide d&rsquo;un <em>m\u0101l\u0101<\/em>, rosaire, de grains de <em>rudr\u0101k\u1e63a<\/em> :<\/p>\n<p style=\"text-align: center;\"><strong><span style=\"color: #993300;\">o\u1e41 ga\u1e43\u00a0|<\/span><\/strong><strong><br \/>\n<\/strong><em>(b\u012bj\u0101 mantra)<\/em><\/p>\n<p style=\"text-align: center;\"><strong><span style=\"color: #993300;\">\u00a0o\u1e41 \u015br\u012b Ga\u1e47e\u015ba \u00a0nama\u1e25\u00a0|<\/span><\/strong><strong><br \/>\n<\/strong><em>\u00a0(pour son adoration et obtenir ses qualit\u00e9s)<\/em><\/p>\n<p style=\"text-align: center;\"><strong><span style=\"color: #993300;\">\u00a0o\u1e41 Vighne\u015bvar\u0101ya namaha\u00a0|<\/span><\/strong><strong><br \/>\n<\/strong><em>\u00a0(pour \u00e9carter les obstacles de la vie en vue d&rsquo;une r\u00e9alisation)<\/em><\/p>\n<p style=\"text-align: center;\"><em>\u00a0<\/em><\/p>\n<p style=\"text-align: left;\"><span style=\"color: #800000;\"><strong>La <em>p\u016bj\u0101 en cinq \u00e9tapes<\/em> <\/strong><strong>de <\/strong><em><strong>Ga\u1e47e\u015ba<\/strong><\/em><\/span><\/p>\n<p style=\"text-align: justify;\">Votre\u00a0<span style=\"color: #000000;\"><em>p\u016bj\u0101<\/em> peu<\/span>t \u00eatre c\u00e9l\u00e9br\u00e9e le matin ou \u00e0 l&rsquo;heure de la naissance de\u00a0<em>Ga\u1e47e\u015ba,<\/em> \u00e0 12h00. Au r\u00e9veil, dirigez vos premi\u00e8res pens\u00e9es pour <em>Ga\u1e47e\u015ba<\/em>. Si vous le pouvez, levez-vous une heure avant le lever du soleil, car c&rsquo;est le moment le plus propice \u00e0 la concentration et \u00e0 la m\u00e9ditation sur <em>Ga\u1e47e\u015ba<\/em>. Apr\u00e8s avoir \u00e9t\u00e9 aux toilettes, prenez un bain ou une douche, mettez des v\u00eatements propres, couleur orang\u00e9 si possible. Sur une petite table <em>cauk<\/em><em>\u012b <\/em>recouverte d&rsquo;un tissu rouge ou orang\u00e9, placez votre statue de\u00a0<em>Ga\u1e47e\u015ba<\/em> face \u00e0 l&rsquo;est, puis les aliments, ingr\u00e9dients et objets qui vous sont n\u00e9cessaires pour ce rituel. Vous allez offrir successivement : l&rsquo;eau de purification, des poudres <em>kumkum<\/em>, <em>sind\u016bra<\/em> et <em>ab\u012br<\/em>, les fleurs (rouge, jaune ou orang\u00e9), quelques b\u00e2tonnets d&rsquo;encens, une petite lampe de beurre clarifi\u00e9 ainsi que des fruits et des friandises. A l&rsquo;occasion de\u00a0<em>Ga\u1e47e\u015ba<\/em> <em>jayant\u012b<\/em>, il est pr\u00e9f\u00e9rable de se procurer une nouvelle statuette de\u00a0<em>Ga\u1e47e\u015ba<\/em> si elle est install\u00e9e dans un commerce. L&rsquo;ancienne statue ne doit surtout pas \u00eatre jet\u00e9e mais immerg\u00e9e dans une rivi\u00e8re.<\/p>\n<p style=\"text-align: justify;\">Voici les cinq \u00e9tapes de la <em><span style=\"color: #000000;\">p\u016bj\u0101 <\/span><\/em> et leur mantra d&rsquo;offrande et retrouvez dans le livre <em>Ga\u1e47e\u015ba dieu v\u00e9dique,<\/em> aux <a href=\"http:\/\/editionsshastri.com\/produit\/ganesa-dieu-vedique-maitre-des-obstacles-de-la-connaissance-et-du-bonheur\/\">Editions Shastri (voir couverture ci-dessous)<\/a> les phases successives de pr\u00e9paration et de c\u00e9l\u00e9bration de ce rituel.<\/p>\n<p><a href=\"http:\/\/dharmasangh.fr\/wp-content\/uploads\/2016\/09\/puja-en-cinq-\u00e9tapes-page-001-e1567013104606.jpg\"><img loading=\"lazy\" decoding=\"async\" class=\"aligncenter  wp-image-5752\" src=\"http:\/\/dharmasangh.fr\/wp-content\/uploads\/2016\/09\/puja-en-cinq-\u00e9tapes-page-001-e1567013104606.jpg\" alt=\"puja en cinq \u00e9tapes-page-001\" width=\"291\" height=\"445\" srcset=\"https:\/\/dharmasangh.fr\/wp-content\/uploads\/2016\/09\/puja-en-cinq-\u00e9tapes-page-001-e1567013104606.jpg 749w, https:\/\/dharmasangh.fr\/wp-content\/uploads\/2016\/09\/puja-en-cinq-\u00e9tapes-page-001-e1567013104606-668x1024.jpg 668w\" sizes=\"auto, (max-width: 291px) 100vw, 291px\" \/><\/a><\/p>\n<p style=\"text-align: justify;\">Ce qui importe avant tout est la <em>bhakti<\/em>, l&rsquo;amour et la d\u00e9votion dont vous nourrirez chacun de vos gestes et chacune de vos paroles.<\/p>\n<p style=\"text-align: left;\"><em><strong>\u00a0<\/strong><\/em><span style=\"color: #800000;\"><em><strong>Offrandes pour Ga\u1e47e\u015ba \u00e0 apporter dans le temple<\/strong><\/em><\/span><\/p>\n<ul>\n<li style=\"text-align: left;\"><span style=\"color: #000000;\"><em>fleurs et fruits couleur jaune orang\u00e9<\/em><\/span><\/li>\n<li style=\"text-align: left;\"><span style=\"color: #000000;\"><em>sucre de canne &#8211; noix de coco &#8211; bananes &#8211; oranges<\/em><\/span><\/li>\n<li style=\"text-align: left;\"><span style=\"color: #000000;\"><em>tissus ou v\u00eatements jaunes &#8211; dhals jaunes<\/em><\/span><\/li>\n<li style=\"text-align: left;\"><em>herbe dhurva<\/em><\/li>\n<li style=\"text-align: left;\"><span style=\"color: #000000;\"><em>Laddhu et surtout des modaka <\/em><\/span><\/li>\n<\/ul>\n<p>Pourquoi <em>Ga\u1e47e\u015ba<\/em> aime-t-il tant les <em>modaka<\/em> dont le seul go\u00fbt procure tant de joie ? Cette histoire, tir\u00e9e des <em>P\u016bra\u1e47a<\/em>, nous l&rsquo;enseigne :<\/p>\n<p style=\"text-align: justify;\"><em>Un jour, <\/em><em>Brahm\u0101<\/em><em> se pr\u00e9senta devant <\/em><em>\u015aiva<\/em><em>, tenant \u00e0 la main un <\/em><em>modaka<\/em><em> fait d&rsquo;<\/em><em>am\u1e5bta<\/em><em>, le c\u00e9leste \u00e9lixir. D\u00e8s qu&rsquo;ils virent la divine sucrerie,\u00a0<\/em><em>Ga\u1e47e\u015ba et <\/em><em>K\u0101rtikeya<\/em><em> la d\u00e9sir\u00e8rent. Ils commenc\u00e8rent \u00e0 se quereller, car ils ne voulaient pas la partager. Chacun voulait le <\/em><em>modaka<\/em><em> pour lui tout seul. <\/em><em>P\u0101rvat\u012b<\/em><em> ne fit qu&rsquo;attiser leur rivalit\u00e9 lorsqu&rsquo;elle d\u00e9crivit les qualit\u00e9s de ce g\u00e2teau peu ordinaire : celui qui le mangerait ou se contenterait de le respirer acqu\u00e9rait les qualit\u00e9s de l&rsquo;\u00e9crivain, de l&rsquo;artiste et du savant et obtiendrait la connaissance des textes sacr\u00e9s nomm\u00e9s <\/em><em>\u015a\u00e0stra<\/em><em> et <\/em><em>Tantra<\/em><em>. <\/em><em>\u015aiva se trouva fort ennuy\u00e9. A qui allait-il donner le <\/em><em>modaka<\/em><em>\u00a0? Il n&rsquo;y en avait qu&rsquo;un alors que deux enfants le convoitaient ! Pour les d\u00e9partager,\u00a0<\/em><em>\u015aiva eut l&rsquo;id\u00e9e de leur demander d&rsquo;accomplir le tour de l&rsquo;univers. Le valeureux <\/em><em>K\u0101rtikeya<\/em><em> s&rsquo;\u00e9lan\u00e7a sans tarder sur son paon. <\/em><em>Ga\u1e47e\u015ba<\/em><em>, quant \u00e0 lui, resta sur place \u00e0 r\u00e9fl\u00e9chir, puis il accomplit sept tours de ses parents. Lorsque\u00a0<\/em><em>K\u0101rtikeya<\/em><em> revint, hors d&rsquo;haleine, il trouva son fr\u00e8re en train de manger tranquillement le divin g\u00e2teau.<\/em><\/p>\n<p><em>Ga\u1e47e\u015ba<\/em>\u00a0accorde :\u00a0<em><br \/>\n<\/em><\/p>\n<ul>\n<li>la protection g\u00e9n\u00e9rale du foyer, de la maison des influences n\u00e9gatives ou de toutes autres intrusions malintentionn\u00e9es.<\/li>\n<li>la r\u00e9ussite d\u2019un travail ou d\u2019une \u0153uvre intellectuelle,<\/li>\n<li>la fin des obstacles qui se pr\u00e9sentent dans la vie (retards et blocages quel que soit le domaine),<\/li>\n<li>la perception juste et consciente de la r\u00e9alit\u00e9,<\/li>\n<li>le renforcement de la foi et l&rsquo;amour en soi.<\/li>\n<\/ul>\n<p style=\"text-align: left;\"><span style=\"color: #000000;\">Voir aussi<\/span><a href=\"http:\/\/dharmasangh.fr\/?page_id=3079\"><strong><span style=\"color: #993300;\"> Verset de <em>Ga\u1e47e\u015ba<\/em><\/span><\/strong><\/a><\/p>\n<p style=\"text-align: left;\"><span style=\"color: #993300;\"><span style=\"color: #800000;\"><a style=\"color: #800000;\" title=\"108 noms de Ganesha\" href=\"http:\/\/dharmasangh.fr\/?page_id=4988\">108 noms de<\/a><a style=\"color: #800000;\" href=\"http:\/\/dharmasangh.fr\/?page_id=3079\"><strong><em> Ga\u1e47e\u015ba<\/em><\/strong><\/a><\/span><\/span><\/p>\n<p style=\"text-align: left;\"><span style=\"color: #800000;\">Mantra de <a style=\"color: #800000;\" href=\"http:\/\/dharmasangh.fr\/?page_id=3079\"><strong><em>Ga\u1e47e\u015ba<\/em><\/strong><\/a><\/span><\/p>\n<p style=\"text-align: left;\"><a href=\"http:\/\/editionsshastri.com\/produit\/ganesa-dieu-vedique-maitre-des-obstacles-de-la-connaissance-et-du-bonheur\/\">\u00a0\u00a0\u00a0\u00a0\u00a0\u00a0\u00a0\u00a0\u00a0\u00a0\u00a0\u00a0\u00a0\u00a0\u00a0\u00a0\u00a0\u00a0\u00a0\u00a0\u00a0\u00a0\u00a0\u00a0\u00a0\u00a0\u00a0\u00a0\u00a0\u00a0\u00a0\u00a0\u00a0\u00a0\u00a0\u00a0\u00a0\u00a0\u00a0\u00a0\u00a0\u00a0\u00a0\u00a0\u00a0\u00a0\u00a0\u00a0\u00a0\u00a0\u00a0\u00a0\u00a0\u00a0\u00a0\u00a0\u00a0\u00a0\u00a0\u00a0\u00a0\u00a0\u00a0\u00a0\u00a0\u00a0\u00a0\u00a0\u00a0\u00a0\u00a0\u00a0\u00a0\u00a0\u00a0\u00a0\u00a0\u00a0\u00a0\u00a0\u00a0\u00a0\u00a0\u00a0\u00a0\u00a0\u00a0\u00a0\u00a0\u00a0\u00a0\u00a0\u00a0\u00a0\u00a0\u00a0\u00a0\u00a0\u00a0\u00a0\u00a0\u00a0\u00a0\u00a0\u00a0\u00a0\u00a0\u00a0\u00a0\u00a0\u00a0\u00a0\u00a0\u00a0\u00a0\u00a0\u00a0\u00a0\u00a0 Aux Editions Shastri<\/a><\/p>\n<p style=\"text-align: center;\"><a href=\"http:\/\/dharmasangh.fr\/wp-content\/uploads\/2016\/09\/couvertureganesa.bmp\"><img loading=\"lazy\" decoding=\"async\" class=\"wp-image-5759 alignleft\" src=\"http:\/\/dharmasangh.fr\/wp-content\/uploads\/2016\/09\/couvertureganesa.bmp\" alt=\"couvertureganesa\" width=\"217\" height=\"308\" \/><\/a><a href=\"http:\/\/dharmasangh.fr\/wp-content\/uploads\/2016\/09\/img397-Ganesha-Calisa-1\u00e8re-p-couverture.jpg\"><img loading=\"lazy\" decoding=\"async\" class=\"aligncenter  wp-image-5760\" src=\"http:\/\/dharmasangh.fr\/wp-content\/uploads\/2016\/09\/img397-Ganesha-Calisa-1\u00e8re-p-couverture.jpg\" alt=\"img397 Ganesha Calisa 1\u00e8re p couverture\" width=\"189\" height=\"286\" srcset=\"https:\/\/dharmasangh.fr\/wp-content\/uploads\/2016\/09\/img397-Ganesha-Calisa-1\u00e8re-p-couverture.jpg 1639w, https:\/\/dharmasangh.fr\/wp-content\/uploads\/2016\/09\/img397-Ganesha-Calisa-1\u00e8re-p-couverture-675x1024.jpg 675w\" sizes=\"auto, (max-width: 189px) 100vw, 189px\" \/><\/a><\/p>\n","protected":false},"excerpt":{"rendered":"<p>LUNDI 2 SEPTEMBRE 2019 (jour de Ga\u1e47e\u015ba Jayant\u012b) DIMANCHE 8 SEPTEMBRE 2019 (f\u00eat\u00e9 \u00e0 Dharma Sangh) &nbsp; &nbsp; Fils du dieu \u015aiva et de la d\u00e9esse P\u0101rvat\u012b, Ga\u1e47e\u015ba est le Ma\u00eetre des Obstacles, de la Connaissance et du Bonheur. Son nom est form\u00e9 de ga\u1e47a qui veut dire le tout, l\u2019ensemble et de i\u015ba qui <a href=\"https:\/\/dharmasangh.fr\/?page_id=4315\">Continue reading &#8594;<\/a><\/p>\n","protected":false},"author":3,"featured_media":0,"parent":1601,"menu_order":0,"comment_status":"closed","ping_status":"closed","template":"","meta":{"footnotes":""},"class_list":["post-4315","page","type-page","status-publish","hentry"],"_links":{"self":[{"href":"https:\/\/dharmasangh.fr\/index.php?rest_route=\/wp\/v2\/pages\/4315","targetHints":{"allow":["GET"]}}],"collection":[{"href":"https:\/\/dharmasangh.fr\/index.php?rest_route=\/wp\/v2\/pages"}],"about":[{"href":"https:\/\/dharmasangh.fr\/index.php?rest_route=\/wp\/v2\/types\/page"}],"author":[{"embeddable":true,"href":"https:\/\/dharmasangh.fr\/index.php?rest_route=\/wp\/v2\/users\/3"}],"replies":[{"embeddable":true,"href":"https:\/\/dharmasangh.fr\/index.php?rest_route=%2Fwp%2Fv2%2Fcomments&post=4315"}],"version-history":[{"count":38,"href":"https:\/\/dharmasangh.fr\/index.php?rest_route=\/wp\/v2\/pages\/4315\/revisions"}],"predecessor-version":[{"id":5771,"href":"https:\/\/dharmasangh.fr\/index.php?rest_route=\/wp\/v2\/pages\/4315\/revisions\/5771"}],"up":[{"embeddable":true,"href":"https:\/\/dharmasangh.fr\/index.php?rest_route=\/wp\/v2\/pages\/1601"}],"wp:attachment":[{"href":"https:\/\/dharmasangh.fr\/index.php?rest_route=%2Fwp%2Fv2%2Fmedia&parent=4315"}],"curies":[{"name":"wp","href":"https:\/\/api.w.org\/{rel}","templated":true}]}}