{"id":4474,"date":"2016-10-23T20:18:39","date_gmt":"2016-10-23T19:18:39","guid":{"rendered":"http:\/\/dharmasangh.fr\/?page_id=4474"},"modified":"2022-02-05T11:12:48","modified_gmt":"2022-02-05T10:12:48","slug":"108-noms-kali","status":"publish","type":"page","link":"https:\/\/dharmasangh.fr\/?page_id=4474","title":{"rendered":"108 noms-K\u0101l\u012b"},"content":{"rendered":"<p style=\"text-align: center;\"><strong>\u015ar\u012b K\u0101lya\u1e63\u1e6dottara\u015batan\u0101m\u0101vali \u015aatan\u0101m\u0101val\u012b<\/strong><\/p>\n<p><strong>\u00a0<\/strong><\/p>\n<p style=\"text-align: justify;\"><em>Les cent huit noms de la d\u00e9esse K\u0101l\u012b<\/em><\/p>\n<p style=\"text-align: justify;\">Le <em>japa <\/em>ou la r\u00e9citation ininterrompue des cent huit noms de la d\u00e9esse <em>K\u0101l\u012b<\/em> est un hommage rendu \u00e0 ses innombrables formes et pouvoirs. Toutes les sonorit\u00e9s contenues dans les noms, \u00e9mises au cours du<em> japa<\/em>, sont charg\u00e9es de l\u2019\u00e9nergie et des qualit\u00e9s de cette d\u00e9esse. Elles sont le pont qui met en parfaite ad\u00e9quation avec elles. La r\u00e9p\u00e9tition des cent huit noms de <em>K\u0101l\u012b<\/em> est un acte de d\u00e9votion et d\u2019amour qui, pratiqu\u00e9 chez soi, dans un espace paisible et isol\u00e9, devant une effigie de la d\u00e9esse (photo, statue, yantra&#8230;), comble de nombreux bienfaits. Elle vise \u00e0 la purification du corps et du mental ainsi qu\u2019\u00e0 l\u2019obtention de l\u2019\u00e9nergie combative, d\u00e9fensive, destructrice et protectrice qu\u2019elle incarne. \u00a0\u00c0 la fin de chaque r\u00e9citation, quand celle-ci est accomplie avec concentration, il est possible de sentir en soi un profond \u00e9tat de recueillement et de paix int\u00e9rieure. Pour cela, il est essentiel d\u2019avoir d\u00e8s le d\u00e9but de la r\u00e9citation une bonne et ferme disposition pour offrir \u00e0 la d\u00e9esse <em>K\u0101l\u012b<\/em> ses meilleures intentions.<\/p>\n<ol>\n<li>o\u1e41 k\u0101lyai nama\u1e25 |<\/li>\n<li>o\u1e41 kap\u0101linyai nama\u1e25 |<\/li>\n<li>o\u1e41 kant\u0101yai nama\u1e25 |<\/li>\n<li>o\u1e41 k\u0101mad\u0101yai nama\u1e25 |<\/li>\n<li>o\u1e41 k\u0101masundaryai nama\u1e25 |<\/li>\n<li>o\u1e41 k\u0101lar\u0101tryai nama\u1e25 |<\/li>\n<li>o\u1e41 k\u0101lik\u0101yai nama\u1e25 |<\/li>\n<li>o\u1e41 k\u0101labhairavap\u016bjit\u0101yai nama\u1e25 |<\/li>\n<li>o\u1e41 kurukull\u0101yai nama\u1e25 |<\/li>\n<li>o\u1e41 k\u0101minyai nama\u1e25 |<\/li>\n<li>o\u1e41 kaman\u012byasvabh\u0101vinyai nama\u1e25 |<\/li>\n<li>o\u1e41 kul\u012bn\u0101yai nama\u1e25 |<\/li>\n<li>o\u1e41 kulakatrai nama\u1e25 |<\/li>\n<li>o\u1e41 kulavartmaprak\u0101\u015binyai nama\u1e25 |<\/li>\n<li>o\u1e41 kast\u016br\u012brasan\u012bl\u0101yai nama\u1e25 |<\/li>\n<li>o\u1e41 k\u0101my\u0101yai nama\u1e25 |<\/li>\n<li>o\u1e41 k\u0101masvar\u016bpi\u1e47yai nama\u1e25 |<\/li>\n<li>o\u1e41 kak\u0101ravar\u1e47alay\u0101yai |<\/li>\n<li>o\u1e41 k\u0101madenvai nama\u1e25 |<\/li>\n<li>o\u1e41 kar\u0101lik\u0101yai nama\u1e25 |<\/li>\n<li>o\u1e41 kulak\u0101ntayai nama\u1e25 |<\/li>\n<li>o\u1e41 kar\u0101l\u0101syayai nama\u1e25 |<\/li>\n<li>o\u1e41 k\u0101m\u0101rt\u0101yai nama\u1e25 |<\/li>\n<li>o\u1e41 kal\u0101vatyai nama\u1e25 |<\/li>\n<li>o\u1e41 k\u1e5b\u015bodaryai nama\u1e25 |<\/li>\n<li>o\u1e41 k\u0101maky\u0101yai nama\u1e25 |<\/li>\n<li>o\u1e41 kaum\u0101ryai nama\u1e25 |<\/li>\n<li>o\u1e41 kulap\u0101linyai nama\u1e25 |<\/li>\n<li>o\u1e41 kulaj\u0101ya nama\u1e25 |<\/li>\n<li>o\u1e41 kulakany\u0101yai nama\u1e25 |<\/li>\n<li>o\u1e41 kalah\u0101yai nama\u1e25 |<\/li>\n<li>o\u1e41 kulap\u016bjit\u0101yai nama\u1e25 |<\/li>\n<li>o\u1e41 k\u0101me\u015bvaryai nama\u1e25 |<\/li>\n<li>o\u1e41 k\u0101mak\u0101nt\u0101yai nama\u1e25 |<\/li>\n<li>o\u1e41 ku\u00f1je\u015bvaragaminyai nama\u1e25 |<\/li>\n<li>o\u1e41 k\u0101mad\u0101tryai nama\u1e25 |<\/li>\n<li>o\u1e41 k\u0101mahartryai nama\u1e25 |<\/li>\n<li>o\u1e41 k\u1e5b\u1e63\u1e47\u0101yai nama\u1e25 |<\/li>\n<li>o\u1e41 kapard\u012bnyai nama\u1e25 |<\/li>\n<li>o\u1e41 kumud\u0101yai nama\u1e25 |<\/li>\n<li>o\u1e41 k\u1e5b\u1e63\u1e47\u0101deh\u0101yai nama\u1e25 |<\/li>\n<li>o\u1e41 k\u0101lindyai nama\u1e25 |<\/li>\n<li>o\u1e41 kulap\u016bjit\u0101yai nama\u1e25 |<\/li>\n<li>o\u1e41 k\u0101\u015byapyai nama\u1e25 |<\/li>\n<li>o\u1e41 k\u1e5b\u1e63\u1e47am\u0101tre nama\u1e25 |<\/li>\n<li>o\u1e41 kuli\u015bangyai nama\u1e25 |<\/li>\n<li>o\u1e41 k\u0101l\u0101yai nama\u1e25 |<\/li>\n<li>o\u1e41 kr\u012bmr\u016bp\u0101ya nama\u1e25 |<\/li>\n<li>o\u1e41 kulagamy\u0101yai nama\u1e25 |<\/li>\n<li>o\u1e41 kamal\u0101yai nama\u1e25 |<\/li>\n<li>o\u1e41 k\u1e5b\u1e63\u1e47ap\u016bjot\u0101yai nama\u1e25 |<\/li>\n<li>o\u1e41 k\u1e5b\u015b\u0101ngyai nama\u1e25 |<\/li>\n<li>o\u1e41 kinnayai nama\u1e25 |<\/li>\n<li>o\u1e41 katryai nama\u1e25 |<\/li>\n<li>o\u1e41 kalaka\u1e47th\u012byai nama\u1e25 |<\/li>\n<li>o\u1e41 k\u0101rtikyai nama\u1e25 |.<\/li>\n<li>o\u1e41 kambuka\u1e47\u1e6dhyai nama\u1e25 |<\/li>\n<li>o\u1e41 kaulinyai nama\u1e25 |<\/li>\n<li>o\u1e41 kumud\u0101yai nama\u1e25 |<\/li>\n<li>o\u1e41 k\u0101maj\u012bvinyai nama\u1e25 |<\/li>\n<li>o\u1e41 kulastrayai nama\u1e25 |<\/li>\n<li>o\u1e41 k\u012brtik\u0101yai nama\u1e25 |<\/li>\n<li>o\u1e41 k\u1e5bty\u0101yai nama\u1e25 |<\/li>\n<li>o\u1e41 k\u012brtyai nama\u1e25 |<\/li>\n<li>o\u1e41 kulap\u0101lik\u0101yai nama\u1e25 |<\/li>\n<li>o\u1e41 k\u0101madevakal\u0101yai nama\u1e25 |<\/li>\n<li>o\u1e41 kalpalat\u0101yai nama\u1e25 |<\/li>\n<li>o\u1e41 k\u0101m\u0101ngavardhinyai nama\u1e25 |<\/li>\n<li>o\u1e41 kunt\u0101yai nama\u1e25 |<\/li>\n<li>o\u1e41 kkumudapr\u012bt\u0101yai nama\u1e25 |<\/li>\n<li>o\u1e41 kadambakumumotsuk\u0101yai nama\u1e25 |<\/li>\n<li>o\u1e41 k\u0101dambinyai nama\u1e25 |<\/li>\n<li>o\u1e41 kamalinyai nama\u1e25 |<\/li>\n<li>o\u1e41 k\u1e5b\u1e63\u1e47\u0101nandaprad\u0101yinyai nama\u1e25 |<\/li>\n<li>o\u1e41 kum\u0101r\u012bp\u016bjanarat\u0101yai nama\u1e25 |<\/li>\n<li>o\u1e41 kum\u0101r\u012bga\u1e47a\u015bobhit\u0101yai nama\u1e25 |<\/li>\n<li>o\u1e41 kum\u0101r\u012branjanarat\u0101yai nama\u1e25 |<\/li>\n<li>o\u1e41 kum\u0101r\u012branjanarat\u0101yai nama\u1e25 |<\/li>\n<li>o\u1e41 kank\u0101lyai nama\u1e25 |<\/li>\n<li>o\u1e41 kaman\u012by\u0101yai nama\u1e25 |<\/li>\n<li>o\u1e41 k\u0101ma\u015b\u0101stravi\u015b\u0101rad\u0101yai nama\u1e25 |<\/li>\n<li>o\u1e41 kap\u0101lakha\u1e0dv\u0101ngadhar\u0101yai nama\u1e25 |<\/li>\n<li>o\u1e41 k\u0101labhairavar\u016bp\u012bnyai nama\u1e25 |<\/li>\n<li>o\u1e41 kor\u1e6dyai nama\u1e25 |<\/li>\n<li>o\u1e41 ko\u1e6darak\u1e63yai nama\u1e25 |<\/li>\n<li>o\u1e41 k\u0101\u015b\u012bv\u0101sinyai nama\u1e25 |<\/li>\n<li>o\u1e41 kail\u0101sav\u0101sinyai nama\u1e25 |<\/li>\n<li>o\u1e41 k\u0101ty\u0101yanyai nama\u1e25 |<\/li>\n<li>o\u1e41 k\u0101ryakaryai nama\u1e25|<\/li>\n<li>o\u1e41 k\u0101vya\u015b\u0101strapramodinyai nama\u1e25 |<\/li>\n<li>o\u1e41 k\u0101m\u0101kar\u1e63a\u1e47ar\u016bp\u0101yai nama\u1e25 |<\/li>\n<li>o\u1e41 k\u0101map\u012b\u1e6dhaniv\u0101dinyai nama\u1e25 |<\/li>\n<li>o\u1e41 k\u0101nginyai nama\u1e25 |<\/li>\n<li>o\u1e41 k\u0101kinyai nama\u1e25 |<\/li>\n<li>o\u1e41 kr\u012b\u1e0d\u0101yai nama\u1e25|<\/li>\n<li>o\u1e41 kutsit\u0101yai nama\u1e25 |<\/li>\n<li>o\u1e41 kalahapriy\u0101ya nama\u1e25 |<\/li>\n<li>o\u1e41 ku\u1e47\u1e0dagoloddhavapr\u0101\u1e47\u0101yai nama\u1e25 |<\/li>\n<li>o\u1e41 kau\u015bikyai nama\u1e25 |<\/li>\n<li>o\u1e41 k\u012brtivardhinyai nama\u1e25 |<\/li>\n<li>o\u1e41 kumbhastanyai nama\u1e25 |<\/li>\n<li>o\u1e41 ka\u1e6d\u0101k\u1e63\u0101yai nama\u1e25 |<\/li>\n<li>o\u1e41 k\u0101vy\u0101yai nama\u1e25 |<\/li>\n<li>o\u1e41 kokanadapriy\u0101yai nama\u1e25 |<\/li>\n<li>o\u1e41 k\u0101nt\u0101rav\u0101sinyai nama\u1e25 |<\/li>\n<li>o\u1e41 k\u0101ntyai nama\u1e25 |<\/li>\n<li>o\u1e41 ka\u1e6dhin\u0101yai nama\u1e25 |<\/li>\n<li>o\u1e41 ku\u1e63\u1e47avallabh\u0101yai nama\u1e25 |<\/li>\n<\/ol>\n<p style=\"text-align: center;\">iti \u015baktipramode \u015br\u012bk\u0101lya\u1e63\u1e6dottara\u015batan\u0101m\u0101vali samp\u016brn\u0101<\/p>\n","protected":false},"excerpt":{"rendered":"<p>\u015ar\u012b K\u0101lya\u1e63\u1e6dottara\u015batan\u0101m\u0101vali \u015aatan\u0101m\u0101val\u012b \u00a0 Les cent huit noms de la d\u00e9esse K\u0101l\u012b Le japa ou la r\u00e9citation ininterrompue des cent huit noms de la d\u00e9esse K\u0101l\u012b est un hommage rendu \u00e0 ses innombrables formes et pouvoirs. Toutes les sonorit\u00e9s contenues dans les noms, \u00e9mises au cours du japa, sont charg\u00e9es de l\u2019\u00e9nergie et des qualit\u00e9s <a href=\"https:\/\/dharmasangh.fr\/?page_id=4474\">Continue reading &#8594;<\/a><\/p>\n","protected":false},"author":3,"featured_media":0,"parent":3180,"menu_order":0,"comment_status":"closed","ping_status":"closed","template":"","meta":{"footnotes":""},"class_list":["post-4474","page","type-page","status-publish","hentry"],"_links":{"self":[{"href":"https:\/\/dharmasangh.fr\/index.php?rest_route=\/wp\/v2\/pages\/4474","targetHints":{"allow":["GET"]}}],"collection":[{"href":"https:\/\/dharmasangh.fr\/index.php?rest_route=\/wp\/v2\/pages"}],"about":[{"href":"https:\/\/dharmasangh.fr\/index.php?rest_route=\/wp\/v2\/types\/page"}],"author":[{"embeddable":true,"href":"https:\/\/dharmasangh.fr\/index.php?rest_route=\/wp\/v2\/users\/3"}],"replies":[{"embeddable":true,"href":"https:\/\/dharmasangh.fr\/index.php?rest_route=%2Fwp%2Fv2%2Fcomments&post=4474"}],"version-history":[{"count":3,"href":"https:\/\/dharmasangh.fr\/index.php?rest_route=\/wp\/v2\/pages\/4474\/revisions"}],"predecessor-version":[{"id":4482,"href":"https:\/\/dharmasangh.fr\/index.php?rest_route=\/wp\/v2\/pages\/4474\/revisions\/4482"}],"up":[{"embeddable":true,"href":"https:\/\/dharmasangh.fr\/index.php?rest_route=\/wp\/v2\/pages\/3180"}],"wp:attachment":[{"href":"https:\/\/dharmasangh.fr\/index.php?rest_route=%2Fwp%2Fv2%2Fmedia&parent=4474"}],"curies":[{"name":"wp","href":"https:\/\/api.w.org\/{rel}","templated":true}]}}