{"id":5432,"date":"2022-02-02T21:14:10","date_gmt":"2022-02-02T20:14:10","guid":{"rendered":"http:\/\/dharmasangh.fr\/?page_id=5432"},"modified":"2026-01-23T01:21:22","modified_gmt":"2026-01-23T00:21:22","slug":"vasant-pancami","status":"publish","type":"page","link":"https:\/\/dharmasangh.fr\/?page_id=5432","title":{"rendered":"VASANT PANCAM\u012a"},"content":{"rendered":"\n<p class=\"has-text-align-center has-medium-font-size\"><strong>Sarasvat\u012b<\/strong><br><strong>D\u00e9esse de la connaissance et de la sagesse<\/strong><\/p>\n\n\n\n<p>Toute v\u00eatue de blanc, la D\u00e9esse <em>Sarasvat\u012b <\/em>est intimement reli\u00e9e \u00e0 la lumi\u00e8re et \u00e0 la puret\u00e9 du <em>gu\u1e47a sattva<\/em>, dont elle est la digne repr\u00e9sentante. Le blanc laiteux de la lune et le jaune tr\u00e8s p\u00e2le du jasmin sont les couleurs dont elle se pare, conf\u00e9rant \u00e0 son apparence une impression de fra\u00eecheur \u00e9ternelle.\u00c9pouse du Dieu <em>Brahm\u0101<\/em>, le Cr\u00e9ateur, <em>Sarasvat\u012b<\/em> est \u00e9galement connue sous les noms de :<\/p>\n\n\n<div class=\"wp-block-image\">\n<figure class=\"alignleft size-full is-resized\"><a href=\"https:\/\/dharmasangh.fr\/wp-content\/uploads\/2026\/01\/sarasvati.jpg\"><img loading=\"lazy\" decoding=\"async\" width=\"161\" height=\"174\" src=\"https:\/\/dharmasangh.fr\/wp-content\/uploads\/2026\/01\/sarasvati.jpg\" alt=\"\" class=\"wp-image-7879\" style=\"width:122px;height:auto\"\/><\/a><\/figure><\/div>\n\n\n<ul class=\"wp-block-list\">\n<li><strong>Brahm\u012b<\/strong> \u00ab&nbsp;Celle de Brahm\u0101&nbsp;\u00bb<\/li>\n\n\n\n<li><strong>Vedam\u0101t\u0101<\/strong> \u00ab&nbsp;La M\u00e8re du Veda&nbsp;\u00bb<\/li>\n\n\n\n<li><strong>Varad\u0101<\/strong> \u00ab&nbsp;Celle qui exauce les v\u0153ux&nbsp;\u00bb<\/li>\n\n\n\n<li><strong>V\u0101ge\u015bvar\u012b<\/strong> \u00ab&nbsp;La Souveraine de la parole&nbsp;\u00bb<br><br><\/li>\n<\/ul>\n\n\n\n<p><strong>Iconographie et symbolisme<\/strong><\/p>\n\n\n\n<p><em>Sarasvat\u012b<\/em> est repr\u00e9sent\u00e9e assise sur un grand lotus blanc, symbole de la puret\u00e9 et du d\u00e9tachement n\u00e9cessaires pour acc\u00e9der \u00e0 la source de toute connaissance. Comme son \u00e9poux <em>Brahm\u0101<\/em>, elle poss\u00e8de quatre bras.<\/p>\n\n\n\n<ul class=\"wp-block-list\">\n<li>Deux de ses mains tiennent la <em>v\u012b\u1e47\u0101<\/em>, instrument au son mystique et profond, symbole de l\u2019harmonie parfaite entre la pens\u00e9e et l\u2019expression.<\/li>\n\n\n\n<li>Elle tient \u00e9galement un <em>m\u0101l\u0101<\/em> de cristal, rappelant la n\u00e9cessit\u00e9 de la concentration et de la discipline du mental afin de se lib\u00e9rer des pens\u00e9es n\u00e9gatives et perturbatrices.<\/li>\n\n\n\n<li>Le livre qu\u2019elle porte est le <em>Veda<\/em>, r\u00e9ceptacle de toute la connaissance du monde.<\/li>\n<\/ul>\n\n\n\n<p>Par ses attributs et sa forme, <em>Sarasvat\u012b<\/em> permet \u00e0 son adorateur de mettre fin \u00e0 l\u2019ignorance sous toutes ses formes, cette ignorance qui maintient l\u2019\u00eatre dans la souffrance. Par la r\u00e9citation de son mantra, tout aspirant peut parcourir, avec s\u00e9r\u00e9nit\u00e9, le chemin de la connaissance.<\/p>\n\n\n\n<p><strong>Les trois formes de connaissance incarn\u00e9es par Sarasvat\u012b<\/strong><\/p>\n\n\n\n<p>La beaut\u00e9 de <em>Sarasvat\u012b<\/em> est \u00e0 la fois myst\u00e9rieuse et \u00e9vidente, \u00e0 l\u2019image des connaissances qu\u2019elle dispense. Elle incarne :<\/p>\n\n\n\n<ul class=\"wp-block-list\">\n<li><strong>La connaissance artistique et sensible<\/strong><br>Elle inspire la fluidit\u00e9 de la pens\u00e9e, le raffinement et la culture. Elle porte le son \u00e0 son apog\u00e9e lorsqu\u2019il jaillit de l\u2019instrument du musicien accompli.<\/li>\n\n\n\n<li><strong>La connaissance intellectuelle<\/strong><br>Celle des \u00e9tudiants, des chercheurs et des innovateurs, menant aux d\u00e9couvertes et aux r\u00e9alisations dans tous les domaines.<\/li>\n\n\n\n<li><strong>La connaissance spirituelle<\/strong><br>Source d\u2019\u00e9panouissement, de r\u00e9alisation int\u00e9rieure et de lib\u00e9ration.<\/li>\n<\/ul>\n\n\n\n<p><strong>Sarasvat\u012b, rivi\u00e8re sacr\u00e9e et Parole divine<\/strong><\/p>\n\n\n\n<p>Les sages ont toujours invoqu\u00e9 <em>Sarasvat\u012b <\/em>comme la personnification de la rivi\u00e8re mythique du m\u00eame nom. \u00c0 l\u2019\u00e9poque v\u00e9dique, son nom \u00e9tait aussi sacr\u00e9 que celui du Gange.<\/p>\n\n\n\n<p>Cette rivi\u00e8re coulait autrefois dans le d\u00e9sert du Thar, au Rajasthan, au nord-ouest de l\u2019Inde. Bien qu\u2019elle soit aujourd\u2019hui ass\u00e9ch\u00e9e, elle est toujours consid\u00e9r\u00e9e comme vivante et continuerait de s\u2019\u00e9couler dans les profondeurs de la terre pour s\u2019unir au Gange et \u00e0 la Yamun\u0101 \u00e0 <strong>Pray\u0101gr\u0101j (Allahabad)<\/strong>, \u00e0 l\u2019endroit m\u00eame o\u00f9 se d\u00e9roule le <strong>Mah\u0101 Kumbha Parva<\/strong>, le grand bain du p\u00e8lerinage de la Kumbha Mel\u0101.<\/p>\n\n\n\n<p>La d\u00e9esse Sarasvat\u012b incarne \u00e9galement la pri\u00e8re v\u00e9dique aux sonorit\u00e9s divines, le son sacr\u00e9 dont les fr\u00e9quences p\u00e9n\u00e8trent toutes les formes de vie.<br>Elle est <em>V\u0101k<\/em>, la parole sacr\u00e9e, le grand mantra v\u00e9dique <em>G\u0101yatr\u012b<\/em>, regorgeant de connaissances infinies, mais aussi la parole simple, d\u00e9pouill\u00e9e de toute n\u00e9gativit\u00e9, qui apaise et vivifie la vie.<\/p>\n\n\n\n<p><strong>V\u00e9n\u00e9ration de Sarasvat\u012b&nbsp;: Vasant Pa\u00f1cam\u012b<\/strong><\/p>\n\n\n\n<p>En Inde, le jour de <em>Vasant Pa\u00f1cam\u012b<\/em> est c\u00e9l\u00e9br\u00e9 dans tous les lieux d\u2019enseignement : \u00e9coles, universit\u00e9s, <em>\u0101\u015bram<\/em>\u2026 Il a lieu durant la quinzaine claire du mois de <em>M\u0101gha<\/em>, lorsque le cinqui\u00e8me jour lunaire atteint son z\u00e9nith. Le moment appel\u00e9 <em>p\u016brv\u0101hna k\u0101la<\/em> (fin de matin\u00e9e \u2013 d\u00e9but d\u2019apr\u00e8s-midi) est consid\u00e9r\u00e9 comme extr\u00eamement b\u00e9n\u00e9fique pour d\u00e9buter un nouveau travail ou un projet cher au c\u0153ur. L\u2019un des rituels majeurs de cette journ\u00e9e est :<\/p>\n\n\n\n<ul class=\"wp-block-list\">\n<li><em>Ak\u1e63ara abhy\u0101sa\u1e41<\/em> \/ <em>Vidy\u0101 \u0101rambham<\/em><br>le commencement de la connaissance.<\/li>\n<\/ul>\n\n\n\n<p>Apr\u00e8s ce jour, les enfants, \u00e9l\u00e8ves et \u00e9tudiants d\u00e9butent traditionnellement leur scolarit\u00e9.<\/p>\n\n\n\n<p><strong>Sarasvat\u012b P\u016bj\u0101 et pratiques spirituelles<\/strong><\/p>\n\n\n\n<p>La <em>Sarasvat\u012b P\u016bj\u0101<\/em> est c\u00e9l\u00e9br\u00e9e le jour de <em>Vasant Pa\u00f1cam\u012b<\/em> ainsi que chaque mercredi. Cette D\u00e9esse veille sur le d\u00e9veloppement intellectuel et \u00e9ducatif des enfants.<\/p>\n\n\n\n<p>Il est recommand\u00e9 d\u2019installer une image ou une statue de <em>Sarasvat\u012b<\/em> dans la chambre des enfants, adolescents ou \u00e9tudiants, afin qu\u2019ils puissent lui demander soutien, clart\u00e9, concentration, m\u00e9moire et confiance en eux.<\/p>\n\n\n\n<p><strong>B\u012bja mantra de Sarasvat\u012b<\/strong><\/p>\n\n\n<div class=\"wp-block-image\">\n<figure class=\"aligncenter size-full is-resized\"><a href=\"https:\/\/dharmasangh.fr\/wp-content\/uploads\/2026\/01\/image.png\"><img loading=\"lazy\" decoding=\"async\" width=\"166\" height=\"36\" src=\"https:\/\/dharmasangh.fr\/wp-content\/uploads\/2026\/01\/image.png\" alt=\"\" class=\"wp-image-7878\" style=\"width:190px;height:auto\"\/><\/a><\/figure><\/div>\n\n\n<p>R\u00e9citation\u00a0: \u00a0<strong><u>21 mercredis cons\u00e9cutifs<\/u><\/strong><br>Facile \u00e0 prononcer, ce mantra est r\u00e9cit\u00e9 \u00e0 voix haute ou mentalement tout au long de la journ\u00e9e.<\/p>\n\n\n\n<p><strong>Offrandes recommand\u00e9es<\/strong><\/p>\n\n\n\n<p>Les principales offrandes lors d\u2019une <em>p\u016bj\u0101 <\/em>d\u00e9di\u00e9e \u00e0 <em>Sarasvat\u012b<\/em> sont :<\/p>\n\n\n\n<p>Objets li\u00e9s \u00e0 l\u2019\u00e9criture, aux arts et \u00e0 la connaissance (cahiers, stylos, instruments\u2026)<br>Fruits et fleurs blanches<br><em>Gh\u012b<\/em> (beurre clarifi\u00e9)<br>Yaourt nature<br>Riz blanc<br>Sucre blanc<br>Santal blanc<br>V\u00eatements et foulards blancs<br>Bijoux translucides ou blancs<\/p>\n\n\n\n<p><strong>M\u00e9ditation sur Sarasvat\u012b<\/strong><\/p>\n\n\n\n<p>La m\u00e9ditation sur la forme abstraite de la D\u00e9esse, telle qu\u2019un <em>yantra<\/em>, r\u00e9v\u00e8le toutes les formes de connaissance. Lorsqu\u2019elle s\u2019appuie sur un verset sanskrit chant\u00e9 ou r\u00e9cit\u00e9 r\u00e9guli\u00e8rement, elle soutient puissamment l\u2019aspirant spirituel dans sa qu\u00eate de connaissance et de lib\u00e9ration.<\/p>\n\n\n<div class=\"wp-block-image\">\n<figure class=\"aligncenter size-full is-resized\"><a href=\"https:\/\/dharmasangh.fr\/wp-content\/uploads\/2026\/01\/sarasvati-yantra.jpg\"><img loading=\"lazy\" decoding=\"async\" width=\"240\" height=\"239\" src=\"https:\/\/dharmasangh.fr\/wp-content\/uploads\/2026\/01\/sarasvati-yantra.jpg\" alt=\"\" class=\"wp-image-7881\" style=\"width:264px;height:auto\" srcset=\"https:\/\/dharmasangh.fr\/wp-content\/uploads\/2026\/01\/sarasvati-yantra.jpg 240w, https:\/\/dharmasangh.fr\/wp-content\/uploads\/2026\/01\/sarasvati-yantra-150x150.jpg 150w\" sizes=\"auto, (max-width: 240px) 100vw, 240px\" \/><\/a><\/figure><\/div>\n\n<div class=\"wp-block-image\">\n<figure class=\"aligncenter size-full is-resized\"><a href=\"https:\/\/dharmasangh.fr\/wp-content\/uploads\/2026\/01\/image-1.png\"><img loading=\"lazy\" decoding=\"async\" width=\"375\" height=\"86\" src=\"https:\/\/dharmasangh.fr\/wp-content\/uploads\/2026\/01\/image-1.png\" alt=\"\" class=\"wp-image-7880\" style=\"width:377px;height:auto\" srcset=\"https:\/\/dharmasangh.fr\/wp-content\/uploads\/2026\/01\/image-1.png 375w, https:\/\/dharmasangh.fr\/wp-content\/uploads\/2026\/01\/image-1-300x69.png 300w\" sizes=\"auto, (max-width: 375px) 100vw, 375px\" \/><\/a><\/figure><\/div>\n\n\n<p class=\"has-text-align-center\"><strong>y\u0101 dev\u012b st\u016byate nitya\u1e41 vibudhairvedap\u0101ragai\u1e25 |<\/strong><br><strong>s\u0101 me vasatu jihv\u0101gre brahmar\u016bp\u0101 sarasvat\u012b ||<\/strong><br><em>\u00d4 Sarasvat\u012b, D\u00e9esse de toutes les Connaissances,<br>\u00e9ternellement pri\u00e9e des sages en qu\u00eate d\u2019omniscience,<br>incarnation du Veda, \u00e9man\u00e9e du corps de Brahm\u0101,<br>demeure sur la pointe de ma langue.<\/em><\/p>\n","protected":false},"excerpt":{"rendered":"<p>Sarasvat\u012bD\u00e9esse de la connaissance et de la sagesse Toute v\u00eatue de blanc, la D\u00e9esse Sarasvat\u012b est intimement reli\u00e9e \u00e0 la lumi\u00e8re et \u00e0 la puret\u00e9 du gu\u1e47a sattva, dont elle est la digne repr\u00e9sentante. Le blanc laiteux de la lune et le jaune tr\u00e8s p\u00e2le du jasmin sont les couleurs dont elle se pare, conf\u00e9rant <a href=\"https:\/\/dharmasangh.fr\/?page_id=5432\">Continue reading &#8594;<\/a><\/p>\n","protected":false},"author":3,"featured_media":0,"parent":1601,"menu_order":0,"comment_status":"closed","ping_status":"closed","template":"","meta":{"footnotes":""},"class_list":["post-5432","page","type-page","status-publish","hentry"],"_links":{"self":[{"href":"https:\/\/dharmasangh.fr\/index.php?rest_route=\/wp\/v2\/pages\/5432","targetHints":{"allow":["GET"]}}],"collection":[{"href":"https:\/\/dharmasangh.fr\/index.php?rest_route=\/wp\/v2\/pages"}],"about":[{"href":"https:\/\/dharmasangh.fr\/index.php?rest_route=\/wp\/v2\/types\/page"}],"author":[{"embeddable":true,"href":"https:\/\/dharmasangh.fr\/index.php?rest_route=\/wp\/v2\/users\/3"}],"replies":[{"embeddable":true,"href":"https:\/\/dharmasangh.fr\/index.php?rest_route=%2Fwp%2Fv2%2Fcomments&post=5432"}],"version-history":[{"count":21,"href":"https:\/\/dharmasangh.fr\/index.php?rest_route=\/wp\/v2\/pages\/5432\/revisions"}],"predecessor-version":[{"id":7884,"href":"https:\/\/dharmasangh.fr\/index.php?rest_route=\/wp\/v2\/pages\/5432\/revisions\/7884"}],"up":[{"embeddable":true,"href":"https:\/\/dharmasangh.fr\/index.php?rest_route=\/wp\/v2\/pages\/1601"}],"wp:attachment":[{"href":"https:\/\/dharmasangh.fr\/index.php?rest_route=%2Fwp%2Fv2%2Fmedia&parent=5432"}],"curies":[{"name":"wp","href":"https:\/\/api.w.org\/{rel}","templated":true}]}}