{"id":5434,"date":"2019-02-02T20:21:34","date_gmt":"2019-02-02T19:21:34","guid":{"rendered":"http:\/\/dharmasangh.fr\/?page_id=5434"},"modified":"2022-02-04T21:03:54","modified_gmt":"2022-02-04T20:03:54","slug":"sarasvati","status":"publish","type":"page","link":"https:\/\/dharmasangh.fr\/?page_id=5434","title":{"rendered":"Sarasvat\u012b"},"content":{"rendered":"<h5><strong>Sarasvat\u012b<br \/>\n<\/strong><strong>D\u00e9esse des Arts, de la Connaissance et de la Parole<\/strong><\/h5>\n<h5><strong> <a href=\"https:\/\/dharmasangh.fr\/wp-content\/uploads\/2022\/02\/sarasvati-2.jpg\"><img loading=\"lazy\" decoding=\"async\" class=\"aligncenter size-full wp-image-6512\" src=\"https:\/\/dharmasangh.fr\/wp-content\/uploads\/2022\/02\/sarasvati-2.jpg\" alt=\"\" width=\"200\" height=\"217\" \/><\/a><\/strong><\/h5>\n<p>Toute v\u00eatue de blanc, la D\u00e9esse <em>Sarasvat<\/em><em>\u00e3<\/em> est subtilement reli\u00e9e \u00e0 la lumi\u00e8re et \u00e0 la puret\u00e9 du <em>gu\u00f5a sattva<\/em> dont elle est la belle repr\u00e9sentante. Le blanc laiteux de la Lune et le jaune tr\u00e8s p\u00e2le du jasmin sont les couleurs dont elle se pare\u00a0; elles lui donnent une apparence \u00e9th\u00e9r\u00e9e \u00e0 la fra\u00eecheur \u00e9ternelle. \u00c9pouse du Dieu <em>Brahm\u0101,<\/em> le Cr\u00e9ateur, la d\u00e9esse <em>Sarasvat\u012b<\/em> est aussi d\u00e9sign\u00e9e sous d\u2019autres noms \u00e9vocateurs de sa personnalit\u00e9\u00a0:<\/p>\n<ul>\n<li><em>Brahm\u012b<\/em>\u00a0\u00a0\u00a0\u00a0\u00a0\u00a0\u00a0\u00a0\u00a0\u00a0\u00a0 Celle de <em>Brahm<\/em><em>\u00e0<\/em>,<\/li>\n<li><em>Vedamat\u0101<\/em> La M\u00e8re du<em> Veda,<\/em><\/li>\n<li><em>Varad\u0101<\/em> Celle qui exauce les v\u0153ux,<\/li>\n<li><em>Vage<\/em><em>\u00f7<\/em><em>var\u012b<\/em> La Souveraine de la parole<em>.<\/em><\/li>\n<\/ul>\n<p><em>Sarasvat\u012b<\/em> est repr\u00e9sent\u00e9e si\u00e9geant sur un grand lotus blanc, symbole de la puret\u00e9 et du d\u00e9tachement n\u00e9cessaires pour acc\u00e9der et se d\u00e9salt\u00e9rer \u00e0 la source de toute connaissance. Comme son \u00e9poux <em>Brahm\u0101<\/em>, elle a quatre bras\u00a0: d\u2019une main elle tient la <em>v\u012bna<\/em>, l\u2019instrument \u00e0 cordes au son m\u00e9lodieux mystique et profond, tandis que l\u2019autre en joue. Elle tient aussi un <em>m\u0101l\u0101<\/em> de cristal qui invite son adorateur \u00e0 se concentrer et \u00e0 discipliner son mental pour chasser toute pens\u00e9e perturbatrice. Dans sa quatri\u00e8me main, elle tient le <em>Veda<\/em> qui rec\u00e8le toute la connaissance du monde. Par la r\u00e9citation de son mantra, son adorateur peut arpenter, en toute s\u00e9r\u00e9nit\u00e9, le chemin de la connaissance. A travers sa forme et ses attributs, <em>Sarasvat\u012b<\/em> aide son adorateur de mettre fin \u00e0 toutes les formes d\u2019ignorance qui le maintiennent fatalement dans la souffrance.<\/p>\n<p>La beaut\u00e9 de <em>Sarasvat<\/em><em>\u00e3<\/em> est \u00e0 la fois myst\u00e9rieuse et \u00e9vidente, \u00e0 l\u2019image des connaissances qu\u2019elle r\u00e9v\u00e8le. En cela, elle incarne\u00a0:<\/p>\n<ul>\n<li>la connaissance artistique sensible\u00a0; elle inspire la fluidit\u00e9 de la pens\u00e9e \u00e9th\u00e9r\u00e9e de connaissances et de raffinement qui fa\u00e7onne la culture et le savoir. Par son \u00e9nergie, le son au summum de sa perfection quand il jaillit de l\u2019instrument du musicien aguerri\u00a0;<\/li>\n<li>la connaissance intellectuelle des \u00e9tudiants et celle menant aux d\u00e9couvertes, aux innovations et aux r\u00e9alisations dans tous les domaines\u00a0;<\/li>\n<li>la connaissance spirituelle, source d\u2019\u00e9panouissement, de r\u00e9alisation et de lib\u00e9ration.<\/li>\n<\/ul>\n<p><strong>Sarasvat\u00ee rivi\u00e8re sacr\u00e9e &#8211; Parole Sacr\u00e9e<\/strong><\/p>\n<p><strong>\u00a0<\/strong>Les sages l\u2019ont toujours invoqu\u00e9e comme la personnification de la rivi\u00e8re mythique du m\u00eame nom, la rivi\u00e8re <em>Sarasvat\u012b<\/em>. Dans les temps v\u00e9diques, son nom \u00e9tait aussi sacr\u00e9 que le Gange. Cette rivi\u00e8re coulait dans le grand d\u00e9sert du Thar qui s\u2019\u00e9tend dans l\u2019\u00c9tat du <em>R\u0101jasthan<\/em>, au nord-ouest de l\u2019Inde. Bien qu\u2019aujourd\u2019hui ass\u00e9ch\u00e9e, cette rivi\u00e8re est toujours consid\u00e9r\u00e9e comme vivante et continuerait de s\u2019\u00e9couler au plus profond de la terre pour s\u2019unir au Gange et \u00e0 la rivi\u00e8re <em>Yamun\u0101<\/em>, pr\u00e9cis\u00e9ment \u00e0 <em>Pray<\/em><em>\u00e0<\/em><em>gr<\/em><em>\u00e0<\/em><em>j <\/em>(Allahabad), juste \u00e0 l\u2019endroit pr\u00e9cis o\u00f9 le <em>Mah\u0101 Kumbha Parva<\/em>\u00a0le Grand bain du p\u00e8lerinage de la <em>Kumbha Mel\u0101<\/em> est pratiqu\u00e9 par des millions de p\u00e8lerins.<\/p>\n<p>La d\u00e9esse<em> Sarasvat<\/em><em>\u00e3<\/em> incarne aussi la pri\u00e8re v\u00e9dique aux sonorit\u00e9s divines, dont les fr\u00e9quences vibratoires p\u00e9n\u00e8trent toutes les formes de vie. Elle est aussi bien <em>v\u0101k<\/em>, la Parole sacr\u00e9e, le grand mantra v\u00e9dique <em>G<\/em><em>\u00e0<\/em><em>yatr\u012b<\/em> regorgeant de connaissances infinies, que la simple parole d\u00e9pouill\u00e9e de toute n\u00e9gativit\u00e9 qui apaise et vivifie.<\/p>\n<p>Voir aussi :<\/p>\n<p><a href=\"http:\/\/dharmasangh.fr\/?page_id=5432\">Vasant pancam\u012b<\/a><a title=\"sarasvati 108 noms\" href=\"http:\/\/dharmasangh.fr\/?page_id=5418\"><br \/>\n108 noms de Sarasvat\u012b<\/a><br \/>\n<a href=\"http:\/\/dharmasangh.fr\/?page_id=5429\">Sarasvat\u012b mantras<\/a><br \/>\n<a title=\"Sarasvat\u012b \u1fb9rat\u012b\" href=\"http:\/\/dharmasangh.fr\/?page_id=5423\">Sarasvat\u012b \u0101rat\u012b<\/a><br \/>\nYantra-m\u00e9ditation sur Sarasvat\u012b<\/p>\n","protected":false},"excerpt":{"rendered":"<p>Sarasvat\u012b D\u00e9esse des Arts, de la Connaissance et de la Parole Toute v\u00eatue de blanc, la D\u00e9esse Sarasvat\u00e3 est subtilement reli\u00e9e \u00e0 la lumi\u00e8re et \u00e0 la puret\u00e9 du gu\u00f5a sattva dont elle est la belle repr\u00e9sentante. Le blanc laiteux de la Lune et le jaune tr\u00e8s p\u00e2le du jasmin sont les couleurs dont elle <a href=\"https:\/\/dharmasangh.fr\/?page_id=5434\">Continue reading &#8594;<\/a><\/p>\n","protected":false},"author":3,"featured_media":0,"parent":1921,"menu_order":0,"comment_status":"closed","ping_status":"closed","template":"","meta":{"footnotes":""},"class_list":["post-5434","page","type-page","status-publish","hentry"],"_links":{"self":[{"href":"https:\/\/dharmasangh.fr\/index.php?rest_route=\/wp\/v2\/pages\/5434","targetHints":{"allow":["GET"]}}],"collection":[{"href":"https:\/\/dharmasangh.fr\/index.php?rest_route=\/wp\/v2\/pages"}],"about":[{"href":"https:\/\/dharmasangh.fr\/index.php?rest_route=\/wp\/v2\/types\/page"}],"author":[{"embeddable":true,"href":"https:\/\/dharmasangh.fr\/index.php?rest_route=\/wp\/v2\/users\/3"}],"replies":[{"embeddable":true,"href":"https:\/\/dharmasangh.fr\/index.php?rest_route=%2Fwp%2Fv2%2Fcomments&post=5434"}],"version-history":[{"count":13,"href":"https:\/\/dharmasangh.fr\/index.php?rest_route=\/wp\/v2\/pages\/5434\/revisions"}],"predecessor-version":[{"id":6513,"href":"https:\/\/dharmasangh.fr\/index.php?rest_route=\/wp\/v2\/pages\/5434\/revisions\/6513"}],"up":[{"embeddable":true,"href":"https:\/\/dharmasangh.fr\/index.php?rest_route=\/wp\/v2\/pages\/1921"}],"wp:attachment":[{"href":"https:\/\/dharmasangh.fr\/index.php?rest_route=%2Fwp%2Fv2%2Fmedia&parent=5434"}],"curies":[{"name":"wp","href":"https:\/\/api.w.org\/{rel}","templated":true}]}}