{"id":677,"date":"2013-05-06T11:02:15","date_gmt":"2013-05-06T10:02:15","guid":{"rendered":"http:\/\/dharmasangh.fr\/?page_id=677"},"modified":"2014-05-14T17:40:31","modified_gmt":"2014-05-14T16:40:31","slug":"astrologie","status":"publish","type":"page","link":"https:\/\/dharmasangh.fr\/?page_id=677","title":{"rendered":"Consultations"},"content":{"rendered":"<h2 style=\"text-align: center;\"><strong><span style=\"color: #993300;\"><span style=\"color: #ff6600;\">\u00a0Consultations d\u2019Astrologie Indienne \u00ab\u00a0Jyotish\u00a0\u00bb<\/span> <\/span><\/strong><\/h2>\n<h3 style=\"text-align: center;\"><strong><span style=\"color: #993300;\">Pandit Vishwanath Shastri<\/span><\/strong><\/h3>\n<p style=\"text-align: center;\"><span style=\"color: #ff6600;\"><a href=\"http:\/\/dharmasangh.fr\/wp-content\/uploads\/2013\/05\/kundali.png\"><span style=\"color: #ff6600;\"><img loading=\"lazy\" decoding=\"async\" class=\"aligncenter size-full wp-image-1878\" alt=\"kundali\" src=\"http:\/\/dharmasangh.fr\/wp-content\/uploads\/2013\/05\/kundali.png\" width=\"138\" height=\"138\" srcset=\"https:\/\/dharmasangh.fr\/wp-content\/uploads\/2013\/05\/kundali.png 307w, https:\/\/dharmasangh.fr\/wp-content\/uploads\/2013\/05\/kundali-150x150.png 150w, https:\/\/dharmasangh.fr\/wp-content\/uploads\/2013\/05\/kundali-300x300.png 300w\" sizes=\"auto, (max-width: 138px) 100vw, 138px\" \/><\/span><\/a><\/span><\/p>\n<p style=\"text-align: center;\">\u00c9tude des grandes p\u00e9riodes de la vie <span style=\"color: #ff6600;\">dasha-bukti<br \/>\n<\/span>D\u00e9termination des moments favorables <span style=\"color: #ff6600;\">Muh\u00fbrta<\/span>, quel que soit le domaine de la vie concern\u00e9<br \/>\nR\u00e9ponse \u00e0 une question <span style=\"color: #ff6600;\">Prashna Shastram<\/span><br \/>\nAstrologie f\u00e9minine\u00a0 <span style=\"color: #ff6600;\">Stri J\u00e2takam<\/span><br \/>\nComparaison de th\u00e8mes associations et mariages<\/p>\n<p style=\"text-align: justify;\">L\u2019astrologie indienne <span style=\"color: #ff6600;\">Jyotish<\/span> est la \u00ab voie de la lumi\u00e8re \u00bb. Quand l&rsquo;homme se trouve confront\u00e9 t\u00f4t ou tard au stress, \u00e0 la difficult\u00e9 de pacifier les maux de son esprit, aux maladies, aux dures ruptures de la vie et au besoin de s\u2019engager sur un chemin plus spirituel, <span style=\"color: #ff6600;\">Jyotish<\/span> est un pr\u00e9cieux outil pour l&rsquo;aider. Elle emploie des moyens correctifs appel\u00e9s <span style=\"color: #ff6600;\">upaya<\/span> qui, outre la <span style=\"color: #333333;\">pratique des mantras,<\/span> <span style=\"color: #ff6600;\">yantra<\/span>, <span style=\"color: #ff6600;\">vrata<\/span> et autres rituels et observances\u2026 utilisent les vertus des pierres, des cristaux et des grains de <span style=\"color: #ff6600;\">rudr\u00e2ksha<\/span>. Car, loin d\u2019\u00eatre de simples ornements, ce sont de v\u00e9ritables organismes vivants qui se sont transform\u00e9s au cours d\u2019un long processus \u00e9volutif. Chaque pierre a une couleur, une forme et une composition qui lui sont propres. Elle diffuse un champ vibratoire sp\u00e9cifique \u00e9tant reli\u00e9e \u00e0 une plan\u00e8te, \u00e0 une \u00e9toile, \u00e0 un signe zodiacal&#8230; En Inde, cette connaissance ne s\u2019est jamais perdue. Une pierre peut soutenir, rectifier en profondeur une ou plusieurs probl\u00e9matiques de la vie d\u2019une personne. Elle doit donc \u00eatre choisie et associ\u00e9e avec soin.<\/p>\n<h3 style=\"text-align: center;\"><span style=\"color: #993300;\"><strong>Consultations sur rendez-vous uniquement.<br \/>\n<\/strong><\/span><\/h3>\n<h3 style=\"text-align: center;\"><span style=\"color: #993300;\"><strong>T\u00e9l. 01 40 22 03 41.<\/strong><\/span><\/h3>\n<p>&nbsp;<\/p>\n<p>Mise \u00e0 jour : 14\/05\/2014<\/p>\n","protected":false},"excerpt":{"rendered":"<p>\u00a0Consultations d\u2019Astrologie Indienne \u00ab\u00a0Jyotish\u00a0\u00bb Pandit Vishwanath Shastri \u00c9tude des grandes p\u00e9riodes de la vie dasha-bukti D\u00e9termination des moments favorables Muh\u00fbrta, quel que soit le domaine de la vie concern\u00e9 R\u00e9ponse \u00e0 une question Prashna Shastram Astrologie f\u00e9minine\u00a0 Stri J\u00e2takam Comparaison de th\u00e8mes associations et mariages L\u2019astrologie indienne Jyotish est la \u00ab voie de la lumi\u00e8re <a href=\"https:\/\/dharmasangh.fr\/?page_id=677\">Continue reading &#8594;<\/a><\/p>\n","protected":false},"author":2,"featured_media":0,"parent":1623,"menu_order":1,"comment_status":"closed","ping_status":"open","template":"","meta":{"footnotes":""},"class_list":["post-677","page","type-page","status-publish","hentry"],"_links":{"self":[{"href":"https:\/\/dharmasangh.fr\/index.php?rest_route=\/wp\/v2\/pages\/677","targetHints":{"allow":["GET"]}}],"collection":[{"href":"https:\/\/dharmasangh.fr\/index.php?rest_route=\/wp\/v2\/pages"}],"about":[{"href":"https:\/\/dharmasangh.fr\/index.php?rest_route=\/wp\/v2\/types\/page"}],"author":[{"embeddable":true,"href":"https:\/\/dharmasangh.fr\/index.php?rest_route=\/wp\/v2\/users\/2"}],"replies":[{"embeddable":true,"href":"https:\/\/dharmasangh.fr\/index.php?rest_route=%2Fwp%2Fv2%2Fcomments&post=677"}],"version-history":[{"count":25,"href":"https:\/\/dharmasangh.fr\/index.php?rest_route=\/wp\/v2\/pages\/677\/revisions"}],"predecessor-version":[{"id":2805,"href":"https:\/\/dharmasangh.fr\/index.php?rest_route=\/wp\/v2\/pages\/677\/revisions\/2805"}],"up":[{"embeddable":true,"href":"https:\/\/dharmasangh.fr\/index.php?rest_route=\/wp\/v2\/pages\/1623"}],"wp:attachment":[{"href":"https:\/\/dharmasangh.fr\/index.php?rest_route=%2Fwp%2Fv2%2Fmedia&parent=677"}],"curies":[{"name":"wp","href":"https:\/\/api.w.org\/{rel}","templated":true}]}}