{"id":7405,"date":"2024-10-05T17:42:27","date_gmt":"2024-10-05T16:42:27","guid":{"rendered":"https:\/\/dharmasangh.fr\/?page_id=7405"},"modified":"2024-10-08T17:13:02","modified_gmt":"2024-10-08T16:13:02","slug":"brahmacarini","status":"publish","type":"page","link":"https:\/\/dharmasangh.fr\/?page_id=7405","title":{"rendered":"Brahmac\u0101ri\u1e47\u012b"},"content":{"rendered":"<div class=\"wp-block-image\">\n<figure class=\"alignleft size-full is-resized\"><a href=\"https:\/\/dharmasangh.fr\/wp-content\/uploads\/2014\/04\/brahmacarini-site.png\"><img loading=\"lazy\" decoding=\"async\" width=\"317\" height=\"750\" src=\"https:\/\/dharmasangh.fr\/wp-content\/uploads\/2014\/04\/brahmacarini-site.png\" alt=\"\" class=\"wp-image-2226\" style=\"width:222px;height:auto\"\/><\/a><\/figure><\/div>\n\n\n<p><em>Son nom <strong>Brahmac\u0101ri\u1e47\u012b<br><\/strong>signifie <strong>\u00ab Celle qui pratique l&rsquo;asc\u00e8se \u00bb.<\/strong><\/em><\/p>\n\n\n\n<p><em>Description : <\/em>Brahmac\u0101ri\u1e47\u012b est debout. Dans sa main droite, elle tient un rosaire fait de graines de rudr\u0101k\u1e63a et dans sa main gauche, un pot \u00e0 ablutions appel\u00e9 kama\u1e47\u1e0dalu. En guise de bijoux et ornements, elle porte de petits lotus. Elle appara\u00eet paisible et lumineuse, enti\u00e8rement v\u00eatue de blanc.<\/p>\n\n\n\n<p><em>Brahmac\u0101rin\u012b<\/em>&nbsp;est la deuxi\u00e8me forme de la d\u00e9esse&nbsp;<em>Durg\u0101<\/em> v\u00e9n\u00e9r\u00e9e le deuxi\u00e8me jour des&nbsp;<em>Navar\u0101tr\u012b<\/em><em>. S<\/em>ur le plan subtil, elle est l&rsquo;\u00e9nergie manifest\u00e9e de la Conscience supr\u00eame qui insuffle la sagesse aux \u00eatres. Son autre nom est <em>Tapasvin\u012b<\/em> \u00ab\u00a0<em>Celle qui pratique le tapas<\/em>\u00ab\u00a0, o\u00f9 tapas signifie aust\u00e9rit\u00e9 et discipline. <em>Durg\u0101<\/em>appara\u00eet en ce jour sous la forme d&rsquo;une asc\u00e8te engag\u00e9e dans la voie spirituelle de l&rsquo;\u00e9tude et de la recherche de la connaissance appel\u00e9e <em>gy\u0101na yoga<\/em>.<\/p>\n\n\n\n<p><em>Brahmac\u0101ri\u1e47\u012b <\/em>est une forme douce et apais\u00e9e de <em>Durg\u0101<\/em> qui pratiqua de grandes aust\u00e9rit\u00e9s pour obtenir la gr\u00e2ce d&rsquo;\u00e9pouser le dieu \u015aiva. Le pot qu&rsquo;elle tient dans sa main gauche nous rappelle \u00e9galement qu&rsquo;il est important d&rsquo;apprende \u00e0 se d\u00e9tacher du monde mat\u00e9riel pour ne conserver que l&rsquo;essentiel et ne pas perdre de vue l&rsquo;objectif que l&rsquo;on s&rsquo;est fix\u00e9 au premier jour.&nbsp;<\/p>\n\n\n\n<p>Tout en cette d\u00e9esse est puret\u00e9, comme nous le montrent les petits lotus qui ornent son v\u00eatement, ses oreilles, son cou, ses bras et ses poignets. En Inde nous disons que la fleur du lotus na\u00eet dans la boue de l&rsquo;ignorance et s&rsquo;\u00e9l\u00e8ve vers le ciel par le feu de la connaissance. Elle nous engage dans notre qu\u00eate de v\u00e9rit\u00e9 et de puret\u00e9, nous encourageant particuli\u00e8rement \u00e0 renforcer le lien avec notre divinit\u00e9 int\u00e9rieure par la pratique du japa <em>m\u0101l\u0101<\/em>, la r\u00e9citation continuelle de son mantra.<\/p>\n\n\n\n<p>Pendant la p\u00e9riode des Navar\u0101tr\u012b, <em>Brahmac\u0101ri\u1e47\u012b<\/em> rappelle l&rsquo;importance :<br>. d&rsquo;entrer pleinement dans la s\u0101dhan\u0101 des Navar\u0101tr\u012b,<br>. de rechercher une vie plus saine, davantage tourn\u00e9e vers la simplicit\u00e9 et la nature :\u00a0 se nourrir de nourriture sattvique et se mettre \u00e0 l&rsquo;\u00e9cart du monde mat\u00e9riel pendant les neuf jours,<br>. \u00e0 m\u00e9diter en profondeur sur les situations de la vie et apprendre \u00e0 en tirer des le\u00e7ons de sagesse.<\/p>\n\n\n\n<p class=\"has-text-align-center has-luminous-vivid-amber-background-color has-background has-medium-font-size\"><strong>MANTRA DU 2e JOUR <br>\u0950 \u0926\u0947\u0935\u0940<\/strong> <strong>\u092c\u094d\u0930\u0939\u094d\u092e\u091a\u093e\u0930\u093f\u0923\u094d\u092f\u0948 \u0928\u092e\u0903\u0964<br>om dev\u012b Brahmac\u0101ri\u1e47yai nama\u1e25 ||<br>r\u00e9citation 108 fois minimum (ou 2 x 108&#8230; ou 3 x 108&#8230;.)<\/strong><\/p>\n","protected":false},"excerpt":{"rendered":"<p>Son nom Brahmac\u0101ri\u1e47\u012bsignifie \u00ab Celle qui pratique l&rsquo;asc\u00e8se \u00bb. Description : Brahmac\u0101ri\u1e47\u012b est debout. Dans sa main droite, elle tient un rosaire fait de graines de rudr\u0101k\u1e63a et dans sa main gauche, un pot \u00e0 ablutions appel\u00e9 kama\u1e47\u1e0dalu. En guise de bijoux et ornements, elle porte de petits lotus. Elle appara\u00eet paisible et lumineuse, enti\u00e8rement <a href=\"https:\/\/dharmasangh.fr\/?page_id=7405\">Continue reading &#8594;<\/a><\/p>\n","protected":false},"author":3,"featured_media":0,"parent":131,"menu_order":0,"comment_status":"closed","ping_status":"closed","template":"","meta":{"footnotes":""},"class_list":["post-7405","page","type-page","status-publish","hentry"],"_links":{"self":[{"href":"https:\/\/dharmasangh.fr\/index.php?rest_route=\/wp\/v2\/pages\/7405","targetHints":{"allow":["GET"]}}],"collection":[{"href":"https:\/\/dharmasangh.fr\/index.php?rest_route=\/wp\/v2\/pages"}],"about":[{"href":"https:\/\/dharmasangh.fr\/index.php?rest_route=\/wp\/v2\/types\/page"}],"author":[{"embeddable":true,"href":"https:\/\/dharmasangh.fr\/index.php?rest_route=\/wp\/v2\/users\/3"}],"replies":[{"embeddable":true,"href":"https:\/\/dharmasangh.fr\/index.php?rest_route=%2Fwp%2Fv2%2Fcomments&post=7405"}],"version-history":[{"count":4,"href":"https:\/\/dharmasangh.fr\/index.php?rest_route=\/wp\/v2\/pages\/7405\/revisions"}],"predecessor-version":[{"id":7494,"href":"https:\/\/dharmasangh.fr\/index.php?rest_route=\/wp\/v2\/pages\/7405\/revisions\/7494"}],"up":[{"embeddable":true,"href":"https:\/\/dharmasangh.fr\/index.php?rest_route=\/wp\/v2\/pages\/131"}],"wp:attachment":[{"href":"https:\/\/dharmasangh.fr\/index.php?rest_route=%2Fwp%2Fv2%2Fmedia&parent=7405"}],"curies":[{"name":"wp","href":"https:\/\/api.w.org\/{rel}","templated":true}]}}